°C

Conditions at local time : on    Forecast:

NOAA-Style Climate Reports



Report for 2017 Feb
                   Monthly Climatological Summary for Feb 2017

Name: Worthing Weather   City: Worthing West Sussex   State: UK
Elevation: 21 ft  Lat: N 50° 48' 36"   Lon: W 000° 22' 30"

                  Temperature (°C), Rain (mm), Wind Speed (mph)

                                      Heat  Cool        Avg
    Mean                              Deg   Deg         Wind                 Dom
Day Temp  High   Time   Low    Time   Days  Days  Rain  Speed High   Time    Dir
----------------------------------------------------------------------------------
01   8.7   9.2   03:43   8.3   12:30   9.6   0.0   4.4   6.1  21.0   23:48   SSE
02   9.4   9.9   14:06   8.8   06:24   8.9   0.0   3.0   9.7  28.0   20:31   SSE
03   7.9   9.0   15:10   6.5   22:08  10.4   0.0   3.4   9.0  37.0   19:48     S
04   6.8   9.2   14:28   5.3   05:37  11.5   0.0   8.2   2.7  23.0   22:38   SSW
05   5.5   7.1   00:24   3.7   22:31  12.8   0.0   0.0   3.8  21.0   15:10   NNE
06   4.8   7.3   13:31   1.1   08:07  13.5   0.0   5.2   3.5  18.0   19:56   SSE
07   7.6  11.1   13:54   5.8   20:31  10.7   0.0   1.4   2.3  15.0   00:04    SW
08   4.8   6.7   12:36   2.2   23:23  13.5   0.0   0.0   2.9  17.0   01:15   NNE
09   2.3   2.7   13:08   1.8   07:18  16.0   0.0   0.0   4.7  17.0   18:29    NE
10   1.9   2.6   02:10   0.4   20:47  16.4   0.0   0.0   3.8  19.0   18:45   NNE
11   1.4   2.2   15:54   0.4   07:27  16.9   0.0   0.8   3.4  15.0   11:47   NNE
12   3.3   6.1   22:42   1.7   05:41  15.0   0.0   0.4   4.7  20.0   15:33    NE
13   7.1  10.8   13:51   5.0   07:10  11.2   0.0   0.0   6.3  24.0   19:15   ENE
14   7.2   8.9   22:36   5.5   06:30  11.1   0.0   0.0   5.0  20.0   05:00     E
15   8.5  13.0   10:30   7.6   03:15   9.8   0.0   0.0   2.4   9.0   06:12     E
16   8.1   9.9   11:30   7.3   01:30  10.1   0.0   0.0   2.8  11.0   15:37   WSW
17   7.8   9.5   10:03   5.8   22:16  10.5   0.0   0.0   1.9  11.0   12:23   WSW
18   7.7  10.3   11:49   5.2   23:55  10.6   0.0   0.2   1.4   9.0   14:16   SSE
19   6.9  10.4   13:05   2.7   05:47  11.4   0.0   0.2   1.9  13.0   14:04   WSW
20   9.4  12.4   14:23   7.9   03:22   8.9   0.0   0.0   3.0  17.0   19:30   WSW
21   9.0  10.1   01:32   8.0   18:00   9.3   0.0   0.0   3.3  17.0   02:07     W
22   9.0   9.0   01:00   8.0   00:00   9.3   0.0   0.0   5.3  20.0   18:30   WNW
23   8.5  11.0   11:00   4.9   23:51   9.8   0.0   0.2   5.4  20.0   11:00   WNW
24   6.0  10.7   15:56   2.4   07:03  12.3   0.0   0.0   2.1  15.0   09:29   WNW
25   8.4   9.3   14:05   7.6   00:00   9.9   0.0   0.2   8.0  27.0   13:54    SW
26   8.9   9.7   11:18   8.3   00:17   9.4   0.0   2.4   9.6  33.0   16:05    SW
27   7.1   8.6   09:03   4.4   19:40  11.2   0.0  15.0   8.3  32.0   15:27    SW
28   6.3  15.5   11:30   1.4   06:30  11.9   0.0   1.8   6.7  22.0   15:30   WSW
----------------------------------------------------------------------------------
     6.8  15.5    28     0.4    10   321.9   0.0  46.8   4.6  37.0     3      SW

Max >=  27.0  0
Max <=   0.0  0
Min <=   0.0  0
Min <= -18.0  0
Max Rain: 15.0 on day 27
Days of Rain: 15 (>= 0.2 mm)  7 (>= 2.0 mm)  0 (>= 20.0 mm)
Heat Base: 18.3  Cool Base: 18.3  Method: Integration