Select a Year or Month report

Report for 2017 Jan
                   Monthly Climatological Summary for Jan 2017

Name: Worthing Weather   City: Worthing   County: UK
Elevation: 31 ft  Lat: N 50 49 12   Lon: W 000 22 47

                  Temperature (°C), Rain (mm), Wind Speed (mph)

                                      Heat  Cool        Avg
    Mean                              Deg   Deg         Wind                 Dom
Day Temp  High   Time   Low    Time   Days  Days  Rain  Speed High   Time    Dir
----------------------------------------------------------------------------------
 1   7.0   8.9   08:11   3.8   20:39  11.3   0.0  12.0   5.1  22.0   18:57     W
 2   3.4   6.1   14:11  -0.2   23:56  14.9   0.0   0.0   3.2  17.0   05:54     N
 3   1.6   5.1   13:54  -1.6   03:07  16.7   0.0   0.2   1.7  15.0   14:09     W
 4   4.2   9.2   13:58   1.0   23:30  14.1   0.0   0.0   2.8  18.0   03:05    NW
 5   2.0   6.1   14:00  -0.1   06:27  16.3   0.0   0.0   1.4   9.0   00:43     N
 6   4.8   7.3   12:40   0.8   00:37  13.5   0.0   2.4   3.0  20.0   23:57   WSW
 7   9.0  10.2   13:39   6.9   00:06   9.3   0.0   6.2   1.9  20.0   00:00     W
 8   9.2  10.2   11:55   8.7   22:35   9.1   0.0   0.0   0.1   4.0   00:04     S
 9   8.1  10.0   10:57   4.3   22:49  10.2   0.0   2.6   4.5  31.0   17:45   WSW
10   6.1   8.9   15:11   3.3   06:16  12.2   0.0   0.0   2.0  13.0   00:07     W
11   8.6  11.7   12:20   5.8   19:45   9.7   0.0   0.0   3.5  20.0   10:46     W
12   5.3   8.2   10:30   0.5   18:07  13.0   0.0  29.2   4.2  28.0   19:09   WNW
13   3.0   6.4   14:54   0.4   04:28  15.3   0.0   0.0   5.2  30.0   10:46   WNW
14   2.6   6.6   13:10   0.3   01:29  15.7   0.0   0.2   1.9  16.0   13:19   WNW
15   5.6   8.9   18:49   1.3   00:30  12.7   0.0   8.2   1.4  14.0   16:07   WNW
16   4.9   7.9   00:01   3.6   23:29  13.4   0.0   5.2   1.3   8.0   03:26   ENE
17   2.8   5.1   14:28   0.2   22:43  15.5   0.0   0.0   1.4   9.0   12:15   ENE
18   1.3   4.1   14:41  -1.2   07:41  17.0   0.0   0.0   2.1  12.0   11:50    NE
19   2.8   6.7   14:03   0.1   05:40  15.5   0.0   0.0   3.6  16.0   11:14    NE
20   2.4   6.6   14:25  -0.6   05:47  15.9   0.0   0.0   3.0  15.0   11:32    NE
21   0.9   3.2   11:17  -1.4   06:21  17.4   0.0   0.0   2.1  13.0   12:49   ENE
22   1.6   6.4   13:43  -1.4   06:17  16.7   0.0   0.0   0.8   8.0   13:55   ENE
23   0.8   2.6   14:32  -1.6   05:39  17.5   0.0   0.0   0.2   4.0   15:33    NW
24   3.3   7.9   11:55  -0.8   05:12  15.0   0.0   0.0   0.3   6.0   15:03   WSW
25   2.9   5.1   08:51   0.6   00:16  15.4   0.0   0.2   2.6  14.0   22:12     E
26   1.2   3.4   22:57  -0.4   09:27  17.1   0.0   0.0   5.2  18.0   05:19   ESE
27   6.0   7.8   22:45   2.9   00:00  12.3   0.0   0.0   4.9  18.0   04:16    SE
28   7.4   8.9   13:30   5.6   19:33  10.9   0.0   2.2   5.3  23.0   08:17   SSW
29   7.4   8.8   22:43   5.8   02:34  10.9   0.0  11.2   7.3  30.0   22:49   SSW
30   7.7   9.9   11:34   5.9   20:30  10.6   0.0   3.2   2.8  17.0   00:00   ESE
31   6.9   8.9   21:46   6.0   00:00  11.4   0.0  25.6   4.1  15.0   05:02     E
----------------------------------------------------------------------------------
     4.5  11.7    11    -1.6     3   426.5   0.0 108.6   2.9  31.0     9       W

Max >=  27.0:  0
Max <=   0.0:  0
Min <=   0.0: 10
Min <= -18.0:  0
Max Rain: 29.2 on day 12
Days of Rain: 14 (>= 0.2 mm)  11 (>= 2.0 mm)  2 (>= 20.0 mm)
Heat Base: 18.3  Cool Base: 18.3  Method: Integration