Select a Year or Month report

Report for 2017
                   Annual Climatological Summary for 2017

Name: Worthing Weather   City: Worthing   County: UK
Elevation: 31 ft  Lat: N 50 49 12   Lon: W 000 22 47

                  Temperature (°C), Heat Base: 18.3  Cool Base: 18.3
                          Dep.  Heat  Cool                       Max  Max  Min  Min
        Mean  Mean        From  Deg   Deg                        >=   <=   <=   <=
 YR MO  Max   Min   Mean  Norm  Days  Days  Hi  Date  Low  Date 27.0  0.0  0.0 -18.0
------------------------------------------------------------------------------------
 17  1   7.3   1.9   4.5   0.0   426     0  11.7  11  -1.6    3    0    0   10    0
 17  2   8.7   4.8   6.6   0.0   314     0  15.5  28   0.4   10    0    0    0    0
 17  3  11.4   7.0   9.1   0.0   275     0  15.8  30   3.2    6    0    0    0    0
 17  4  13.4   6.3   9.9   0.0   250     0  16.2  10   1.1   25    0    0    0    0
 17  5  16.9  10.6  13.5   0.0   151     1  24.3  26   5.5   10    0    0    0    0
 17  6  19.9  13.9  16.9   0.0    57    16  27.1  21   9.6   13    1    0    0    0
 17  7  20.8  15.1  17.9   0.0    27    15  26.4  18  11.1   23    0    0    0    0
 17  8  20.2  13.7  16.9   0.0    46     4  24.9  29   8.8   31    0    0    0    0
 17  9  18.2  11.6  15.0   0.0    99     0  21.5  29   6.8   15    0    0    0    0
 17 10  16.1  10.5  13.5   0.0   148     0  21.4   1   4.4   30    0    0    0    0
 17 11  11.2   4.9   8.3   0.0   300     0  15.1   1  -0.2   30    0    0    1    0
 17 12   8.8   3.9   6.4   0.0   346     0  11.8  30  -2.0   12    0    0    5    0
------------------------------------------------------------------------------------
        14.4   8.7  11.6   0.0  2444    38  27.1 Jun  -2.0  Dec    1    0   16    0

                                Precipitation (mm)

              Dep.   Max        Days of Rain
              From   Obs.           >=
 YR MO Total  Norm   Day Date  0.2  2.0 20.0
---------------------------------------------
 17  1 108.6   0.0  29.2  12    14   11    2
 17  2  46.8   0.0  15.0  27    15    7    0
 17  3  19.0   0.0   5.0   8    11    4    0
 17  4   7.2   0.0   3.8  30     6    2    0
 17  5  83.4   0.0  27.6  17    14   11    1
 17  6  69.8   0.0  45.0  27     9    5    1
 17  7  81.8   0.0  21.4  19    13    9    1
 17  8  83.1   0.0  19.0   9    14    8    0
 17  9 108.0   0.0  51.0  27    23    9    1
 17 10  56.5   0.0  28.2   4    22    5    1
 17 11  30.8   0.0   6.6   7    16    5    0
 17 12  48.7   0.0  10.6  26    16    8    0
---------------------------------------------
       743.7   0.0  51.0  Sep  173   84    7

                                Wind Speed (mph)
                          Dom
 YR MO   Avg.  Hi   Date  Dir
------------------------------
 17  1   2.9  31.0    9     W
 17  2   4.6  37.0    3     S
 17  3   4.2  37.0   20   WSW
 17  4   3.1  25.0   26   WNW
 17  5   3.8  27.0    4   ESE
 17  6   4.5  39.0    6   WSW
 17  7   4.6  34.0   28   WSW
 17  8   3.8  31.0    3   WSW
 17  9   4.1  41.0   12   WSW
 17 10   3.5  47.0   21   WSW
 17 11   2.8  40.0   23     W
 17 12   4.5  46.0   10    NW
------------------------------
         3.9  47.0  Oct   WSW