Select a Year or Month report

Report for 2016 Dec
                   Monthly Climatological Summary for Dec 2016

Name: Worthing weather   City: worthing   State: 
Elevation: 31 ft  Lat: N 50 49 12   Lon: W 000 22 47

                  Temperature (°C), Rain (mm), Wind Speed (m/s)

                                      Heat  Cool        Avg
    Mean                              Deg   Deg         Wind                 Dom
Day Temp  High   Time   Low    Time   Days  Days  Rain  Speed High   Time    Dir
----------------------------------------------------------------------------------
 1   3.5   9.9   13:50  -1.7   05:21  14.8   0.0   0.0   0.4   7.0   13:21    NW
 2   6.6   8.4   13:23   3.7   00:00  11.7   0.0   0.0   1.8  11.0   23:25   NNE
 3   6.0   7.9   11:22   3.8   23:48  12.3   0.0   0.0   5.3  23.0   13:08   ENE
 4   3.9   6.9   14:23   1.4   07:54  14.4   0.0   0.0   4.4  17.0   11:46   ENE
 5   5.9   9.5   14:00   2.8   06:30  12.4   0.0   0.0   2.6  10.0   10:00   WSW
 6   9.2  11.2   13:30   6.4   01:00   9.1   0.0   0.0   0.8   7.0   07:00   WSW
 7  11.2  12.0   11:30  10.1   04:30   7.1   0.0   0.0   2.7  12.0   23:30   WSW
 8  11.0  12.1   10:12  10.4   02:27   7.3   0.0   0.2   3.0  18.0   13:43    SW
 9  11.0  12.8   12:46  10.1   18:55   7.3   0.0   0.2   2.2  14.0   03:11    SW
10  11.0  11.9   20:02   7.9   23:58   7.3   0.0   1.0   4.7  28.0   20:15   WSW
11   6.0   9.7   14:46   2.9   08:00  12.3   0.0   0.4   1.1  12.0   12:16   WNW
12   8.6  10.8   16:25   3.8   01:25   9.7   0.0   3.8   3.1  16.0   14:19     S
13  10.8  11.7   11:53   9.4   00:54   7.5   0.0   1.8   3.4  17.0   16:35   SSW
14  10.2  11.6   12:09   9.1   18:33   8.1   0.0   0.2   2.7  12.0   11:21     E
15  10.6  11.2   14:11  10.0   00:09   7.7   0.0   0.0   4.4  15.0   20:56   SSE
16   9.8  11.2   12:30   6.8   23:27   8.5   0.0   7.8   1.5  11.0   05:40   ESE
17   8.9  11.2   13:21   7.1   07:20   9.4   0.0   0.0   0.2   5.0   13:52     W
18   8.0   9.9   04:26   6.4   21:47  10.3   0.0   0.0   0.6   8.0   04:27     N
19   6.4   7.4   12:44   5.1   07:47  11.9   0.0   0.0   1.9  11.0   22:31   NNE
20   6.6   7.7   23:17   4.8   08:15  11.7   0.0   0.2   4.4  22.0   21:53     S
21   9.6  10.6   20:36   7.6   00:04   8.7   0.0   4.4   6.6  29.0   02:19    SW
22   8.1  10.1   14:08   4.1   08:45  10.2   0.0   4.0   1.1  10.0   14:27   WSW
23   9.0  10.4   19:58   6.1   02:50   9.3   0.0   2.8   6.9  35.0   18:45    SW
24   8.6  10.6   22:11   5.8   03:16   9.7   0.0   0.0   5.1  21.0   13:59     W
25  11.0  11.6   11:47  10.4   00:00   7.3   0.0   0.4   7.0  23.0   14:38   WSW
26   7.2  11.1   00:15   1.7   23:55  11.1   0.0   0.2   2.8  21.0   02:00     W
27   3.8   8.7   13:21   0.8   05:31  14.5   0.0   0.0   0.4   5.0   08:54   NNE
28   6.0   8.8   15:19   3.6   05:30  12.3   0.0   0.2   2.1  13.0   22:56     E
29   6.3   9.2   11:52   2.2   23:57  12.0   0.0   0.0   1.9   9.0   00:00   ESE
30   3.0   5.2   14:04   0.2   03:47  15.3   0.0   0.4   0.2   5.0   01:17   NNW
31   6.6   8.8   13:15   4.0   00:00  11.7   0.0   0.0   1.7  15.0   18:56   WSW
----------------------------------------------------------------------------------
     7.9  12.8     9    -1.7     1   322.9   0.0  28.0   2.9  35.0    23      SW

Max >=  27.0:  0
Max <=   0.0:  0
Min <=   0.0:  1
Min <= -18.0:  0
Max Rain: 7.8 on day 16
Days of Rain: 16 (>= 0.2 mm)  5 (>= 2.0 mm)  0 (>= 20.0 mm)
Heat Base: 18.3  Cool Base: 18.3  Method: Integration
Time / Date