Select a Year or Month report

Report for 2016 Nov
                   Monthly Climatological Summary for Nov 2016

Name: Worthing Weather   City: Worthing   County: UK
Elevation: 31 ft  Lat: N 50 49 12   Lon: W 000 22 47

                  Temperature (°C), Rain (mm), Wind Speed (mph)

                                      Heat  Cool        Avg
    Mean                              Deg   Deg         Wind                 Dom
Day Temp  High   Time   Low    Time   Days  Days  Rain  Speed High   Time    Dir
----------------------------------------------------------------------------------
 1  11.2  14.8   10:51   9.4   06:00   7.1   0.0   0.0   2.7  19.0   13:57   NNE
 2   7.1  11.0   14:26   3.3   23:38  11.2   0.0   0.0   1.9  14.0   00:47     N
 3   8.0  12.2   12:08   2.5   03:42  10.3   0.0   0.0   1.3  12.0   16:30    SW
 4   8.4  12.4   10:06   4.7   23:53   9.9   0.0  12.0   1.1  16.0   15:38   WNW
 5   5.4   8.7   14:28   2.7   05:20  12.9   0.0   0.2   2.3  17.0   11:27    NW
 6   4.3   7.9   13:14   0.6   07:10  14.0   0.0   0.4   2.8  16.0   14:44    NW
 7   6.1   9.1   12:23   2.2   23:55  12.2   0.0   0.0   5.5  30.0   10:56     N
 8   4.2   8.3   23:59   0.1   05:55  14.1   0.0   4.2   1.1  13.0   23:55   WNW
 9   8.3  11.0   05:50   4.6   23:59  10.0   0.0   8.0   5.3  25.0   14:17   WSW
10   7.3  12.4   12:54   4.4   00:42  11.0   0.0   0.2   2.7  18.0   15:32   WNW
11   7.4  10.8   13:47   3.1   06:04  10.9   0.0   0.0   2.5  18.0   22:48     S
12  10.6  11.8   17:19   9.2   23:56   7.7   0.0   9.2   7.1  24.0   07:59   SSE
13   8.3  11.1   14:42   6.0   23:51  10.0   0.0   0.2   2.3  15.0   13:57   NNW
14   9.7  12.3   13:55   5.8   01:53   8.6   0.0   0.0   1.6  14.0   14:06     W
15  13.0  15.6   12:27  11.8   04:51   5.3   0.0   0.2   3.0  16.0   11:56     W
16  12.3  13.6   10:46  10.4   22:03   6.0   0.0   3.6   5.3  20.0   03:57   WSW
17  10.0  12.8   13:31   6.7   22:43   8.3   0.0   6.0   6.7  46.0   11:18   WSW
18   5.9   8.5   00:31   4.3   07:07  12.4   0.0   1.6   2.4  20.0   00:02     W
19   5.9  10.2   20:53   1.5   07:43  12.4   0.0  17.8   4.6  33.0   22:29     S
20   7.3  11.0   03:52   4.9   21:30  11.0   0.0  12.2   8.7  42.0   04:47   SSW
21  11.5  12.8   11:48   5.4   00:00   6.8   0.0   5.6  10.0  36.0   22:42   SSE
22  10.8  11.7   10:11   9.5   23:15   7.5   0.0   0.4  11.2  41.0   03:50    SW
23   9.3  10.7   21:37   7.6   04:25   9.0   0.0   0.0   3.8  26.0   21:17    NE
24   9.9  11.3   10:35   7.9   23:54   8.4   0.0   0.0  11.4  39.0   12:32    NE
25   8.2  11.5   13:36   5.2   23:58  10.1   0.0   0.0   8.4  32.0   14:37    NE
26   5.9   7.8   13:12   4.1   06:59  12.4   0.0   0.0   3.8  17.0   12:40    NE
27   7.1   9.5   13:33   4.8   05:04  11.2   0.0   0.0   4.4  21.0   11:40   NNE
28   6.1   8.6   11:42   2.6   23:41  12.2   0.0   0.0   4.9  21.0   12:04    NE
29   2.9   6.8   14:11   0.4   07:48  15.4   0.0   0.0   2.9  12.0   09:40    NE
30   3.6   9.0   11:48  -0.3   05:10  14.7   0.0   0.0   1.1   7.0   00:09     N
----------------------------------------------------------------------------------
     7.9  15.6    15    -0.3    30   313.0   0.0  81.8   4.4  46.0    17       W

Max >=  27.0:  0
Max <=   0.0:  0
Min <=   0.0:  1
Min <= -18.0:  0
Max Rain: 17.8 on day 19
Days of Rain: 16 (>= 0.2 mm)  9 (>= 2.0 mm)  0 (>= 20.0 mm)
Heat Base: 18.3  Cool Base: 18.3  Method: Integration