Select a Year or Month report

Report for 2016 Oct
                   Monthly Climatological Summary for Oct 2016

Name: Worthing weather   City: worthing   State: 
Elevation: 31 ft  Lat: N 50 49 12   Lon: W 000 22 47

                  Temperature (°C), Rain (mm), Wind Speed (m/s)

                                      Heat  Cool        Avg
    Mean                              Deg   Deg         Wind                 Dom
Day Temp  High   Time   Low    Time   Days  Days  Rain  Speed High   Time    Dir
----------------------------------------------------------------------------------
 1  15.3  17.8   16:00  12.5   23:00   3.0   0.0  36.0   2.7  18.0   15:00     N
 2  13.2  23.3   15:30   8.2   23:30   5.1   0.0   0.0   1.6   8.0   06:00   NNE
 3  13.8  21.5   14:30   6.3   05:00   4.5   0.0   0.0   1.3   9.0   11:00     N
 4  15.2  19.7   14:30  11.4   00:00   3.1   0.0   0.0   4.4  16.0   11:30     N
 5  14.7  19.3   14:00  10.8   23:00   3.6   0.0   0.0   4.9  19.0   13:30     N
 6  11.6  16.9   16:30   8.0   05:30   6.7   0.0   0.0   2.6  14.0   12:00     N
 7  13.2  17.4   14:30  11.5   00:00   5.1   0.0   0.0   2.0  13.0   01:00   NNE
 8  14.4  20.9   12:30  12.0   01:30   3.9   0.0   1.0   0.8   6.0   07:30     N
 9  12.7  19.1   12:00   6.9   23:30   5.6   0.0   0.0   1.3   8.0   02:00    NW
10   9.8  19.1   12:00   7.2   23:55   8.5   0.0   0.0   0.8  10.0   07:00   NNW
11  10.4  15.2   14:49   7.1   03:37   7.9   0.0   0.0   2.8  16.0   14:50    NE
12  11.4  16.1   15:04   7.8   01:20   6.9   0.0   0.0   3.7  22.0   14:12    NE
13  10.6  13.8   14:49   8.3   03:07   7.7   0.0   0.0   4.5  18.0   11:13    NE
14  11.5  13.9   15:42   9.0   07:14   6.8   0.0   0.0   2.7  11.0   10:44    NE
15  13.5  16.3   12:45  11.2   00:15   4.8   0.0   4.4   4.9  28.0   17:37   SSW
16  15.3  17.1   15:31  13.8   07:14   3.0   0.0   4.8   7.3  26.0   08:39     S
17  14.2  16.7   13:26  10.2   23:54   4.1   0.0   1.6   3.6  19.0   06:12   WSW
18  11.5  14.9   14:00   7.8   23:38   6.8   0.0   0.2   3.7  21.0   11:27     W
19  10.8  14.8   13:46   7.4   00:57   7.5   0.0   0.0   2.8  16.0   13:53   WNW
20  10.7  15.1   14:46   7.8   04:39   7.6   0.0   0.0   3.3  18.0   12:59     N
21  10.2  13.5   15:53   7.9   03:05   8.1   0.0   0.0   3.0  15.0   03:33     N
22   9.8  13.9   15:57   6.8   06:55   8.5   0.0   0.0   2.5  17.0   13:23   NNE
23   9.5  12.9   14:07   6.9   06:20   8.8   0.0   0.0   5.0  19.0   14:22   ENE
24  10.8  12.9   15:50   9.1   00:54   7.5   0.0   2.2   2.4  13.0   06:16    NE
25  12.3  14.1   18:05   9.9   04:07   6.0   0.0   7.2   1.5   7.0   13:13   ENE
26  13.1  16.3   14:19  11.2   07:47   5.2   0.0   0.0   1.4  13.0   15:36   WSW
27  11.6  15.2   14:42   7.7   07:16   6.7   0.0   0.4   1.7  14.0   14:42   WSW
28  13.7  15.6   12:46  12.2   06:15   4.6   0.0   0.0   1.9  13.0   04:04     W
29  13.6  14.4   15:45  11.3   23:45   4.7   0.0   0.0   0.8   9.0   12:16     E
30  12.6  15.6   12:54  10.9   04:49   5.7   0.0   0.0   2.2  11.0   11:55   ENE
31  13.3  17.3   14:51  10.8   05:32   5.0   0.0   0.0   1.8  12.0   10:23   ENE
----------------------------------------------------------------------------------
    12.4  23.3     2     6.3     3   183.0   0.0  57.8   3.0  28.0    15     NNE

Max >=  27.0:  0
Max <=   0.0:  0
Min <=   0.0:  0
Min <= -18.0:  0
Max Rain: 36.0 on day 1
Days of Rain: 9 (>= 0.2 mm)  5 (>= 2.0 mm)  1 (>= 20.0 mm)
Heat Base: 18.3  Cool Base: 18.3  Method: Integration
Time / Date