°C

Conditions at local time : on    Forecast:

NOAA-Style Climate Reports



Report for 2016 Sep
                   Monthly Climatological Summary for Sep 2016

Name: Worthing Weather   City: Worthing West Sussex   State: UK
Elevation: 21 ft  Lat: N 50° 48' 36"   Lon: W 000° 22' 30"

                  Temperature (°C), Rain (mm), Wind Speed (mph)

                                      Heat  Cool        Avg
    Mean                              Deg   Deg         Wind                 Dom
Day Temp  High   Time   Low    Time   Days  Days  Rain  Speed High   Time    Dir
----------------------------------------------------------------------------------
01  16.6  19.9   13:58  12.1   06:17   2.0   0.3   0.0   2.6  18.0   15:18   WSW
02  16.8  18.9   11:50  14.6   00:38   1.5   0.0   2.8   4.6  20.0   16:17   WSW
03  16.7  19.4   15:10  12.4   06:44   1.7   0.1   4.2   4.4  26.0   19:38   WSW
04  18.0  19.9   16:57  16.5   06:35   0.5   0.2   0.0   5.2  27.0   01:51     W
05  18.0  21.4   14:18  14.7   05:00   1.1   0.8   9.0   2.3  13.0   08:11    SW
06  19.8  21.9   14:35  18.8   05:48   0.0   1.5   0.0   1.8  13.0   13:04   WSW
07  20.4  23.4   18:19  18.8   00:53   0.0   2.1   0.0   2.8  12.0   11:11   ESE
08  19.0  21.7   11:41  17.1   21:12   0.2   0.9   0.0   5.7  27.0   15:21     W
09  18.7  20.5   16:35  16.9   07:20   0.3   0.7   0.2   6.5  21.0   05:38    SW
10  18.1  19.3   14:29  14.3   22:41   0.5   0.3   2.8   6.4  23.0   18:41    SW
11  17.4  23.7   13:00   8.8   07:00   2.6   1.7   1.0   1.6   9.0   23:30   ENE
12  20.7  25.7   15:00  17.3   00:00   0.1   2.6   0.0   3.3  10.0   00:30   ENE
13  24.1  27.9   11:00  17.5   12:00   0.0   5.9   0.0   2.9  12.0   09:30   ENE
14  20.8  23.0   00:00  17.7   22:04   0.0   2.5   0.0   2.9  20.0   10:35     S
15  19.7  24.3   11:44  17.3   06:48   0.0   1.5   0.8   3.1  16.0   03:45     S
16  17.1  19.2   17:24  13.0   23:00   1.3   0.0   5.6   4.2  22.0   14:30    NW
17  14.2  16.9   15:39  12.3   05:49   4.0   0.0   0.0   5.5  22.0   15:44     N
18  17.0  20.4   13:58  14.0   06:00   1.6   0.4   0.0   2.5  15.0   04:42     N
19  16.4  20.1   12:33  14.3   07:19   2.0   0.2   1.6   1.3   9.0   15:49   NNW
20  16.3  19.4   14:36  14.2   02:55   2.1   0.1   0.2   2.2  11.0   11:40    NE
21  17.1  21.0   17:00  13.0   01:30   1.6   0.4   0.0   3.3  11.0   13:48   SSE
22  16.7  19.0   12:10  14.0   07:04   1.6   0.1   0.0   2.9  17.0   13:46   WSW
23  14.9  18.0   16:35   9.9   06:42   3.4   0.0   0.0   2.4  14.0   13:51    SW
24  18.6  19.9   15:52  16.3   00:00   0.3   0.7   0.0   7.2  19.0   05:41     S
25  17.9  21.2   13:30  14.5   23:30   1.1   0.7   0.0   7.7  19.0   00:30   SSW
26  15.3  17.9   14:58  12.3   04:00   3.0   0.0   0.2   4.5  17.0   06:30   SSW
27  17.2  18.1   15:46  16.3   00:00   1.0   0.0   0.0   5.8  23.0   11:15    SW
28  16.2  18.9   12:21  12.4   07:49   2.2   0.0   0.0   5.9  22.0   12:45     W
29  16.5  18.4   15:43  12.8   23:50   1.8   0.0   0.0   7.0  28.0   06:45     W
30  14.5  17.9   14:52  11.7   07:22   3.8   0.0   1.8   2.9  18.0   18:06   WSW
----------------------------------------------------------------------------------
    17.7  27.9    13     8.8    11    41.3  23.7  30.2   4.1  28.0    29      SW

Max >=  27.0  1
Max <=   0.0  0
Min <=   0.0  0
Min <= -18.0  0
Max Rain: 9.0 on day 5
Days of Rain: 12 (>= 0.2 mm)  5 (>= 2.0 mm)  0 (>= 20.0 mm)
Heat Base: 18.3  Cool Base: 18.3  Method: Integration