°C

Conditions at local time : on    Forecast:

NOAA-Style Climate Reports



Report for 2016 Aug
                   Monthly Climatological Summary for Aug 2016

Name: Worthing Weather   City: Worthing West Sussex   State: UK
Elevation: 21 ft  Lat: N 50° 48' 36"   Lon: W 000° 22' 30"

                  Temperature (°C), Rain (mm), Wind Speed (mph)

                                      Heat  Cool        Avg
    Mean                              Deg   Deg         Wind                 Dom
Day Temp  High   Time   Low    Time   Days  Days  Rain  Speed High   Time    Dir
----------------------------------------------------------------------------------
01  15.1  18.4   12:52  11.8   05:48   3.2   0.0  15.2   3.6  20.0   23:05    SW
02  17.3  18.1   16:06  15.1   00:00   1.0   0.0   7.4   8.4  27.0   03:09   WSW
03  18.0  19.9   15:10  16.9   21:43   0.6   0.2   0.6   8.2  28.0   17:39     W
04  17.6  19.5   12:09  15.2   23:56   0.9   0.2   0.2   6.7  27.0   01:46     W
05  16.7  19.8   16:14  12.3   05:37   1.8   0.3   0.0   3.7  20.0   16:17     W
06  17.2  20.3   15:38  12.8   04:50   1.6   0.5   0.0   3.5  18.0   14:35   WSW
07  18.3  20.2   12:57  16.7   23:57   0.4   0.4   0.2   6.5  26.0   16:23     W
08  17.5  21.2   14:12  14.4   23:57   1.2   0.4   0.0   3.8  20.0   16:56   WNW
09  16.3  21.3   14:34  11.7   05:16   2.5   0.5   0.0   2.9  18.0   08:56   NNW
10  15.6  19.7   18:50  10.9   04:49   2.9   0.2   0.0   2.7  14.0   20:31   NNW
11  18.2  22.8   18:19  14.3   04:37   1.3   1.2   0.0   3.3  18.0   09:35   WNW
12  17.2  19.6   13:23  14.1   05:58   1.4   0.2   0.0   4.2  21.0   13:46     W
13  17.5  20.3   14:56  13.8   06:00   1.3   0.5   0.0   3.4  19.0   14:00   WSW
14  18.1  22.7   13:23  14.8   05:56   1.1   0.9   0.0   2.6  13.0   08:48   ENE
15  17.4  20.7   12:23  13.1   05:18   1.6   0.7   0.0   3.9  18.0   15:23     E
16  17.8  21.8   18:38  13.8   05:08   1.6   1.1   0.0   3.8  16.0   18:55     E
17  18.2  21.8   11:46  14.1   06:13   1.3   1.1   0.0   3.4  12.0   03:07     E
18  18.6  21.9   14:13  16.0   04:52   0.7   0.9   1.4   1.9  14.0   16:41     W
19  17.3  18.3   13:57  15.6   14:52   1.0   0.0   8.8   5.2  26.0   23:10    SW
20  17.4  18.7   13:04  15.9   21:07   0.9   0.0   1.4  12.4  37.0   13:58   WSW
21  17.3  19.7   14:20  15.4   05:27   1.2   0.2   1.2   7.0  26.0   00:11     W
22  18.2  20.2   12:59  15.8   23:52   0.5   0.5   0.2   5.7  22.0   01:57     W
23  20.5  25.0   16:52  14.7   01:40   0.7   2.9   0.0   2.9  13.0   15:59   ESE
24  22.4  24.8   18:31  20.2   04:56   0.0   4.1   0.0   2.3  14.0   22:33     E
25  22.2  25.7   10:01  20.4   23:19   0.0   3.9   0.0   2.3  13.0   00:07   WNW
26  20.8  24.2   11:19  18.3   06:16   0.0   2.5   0.0   2.2  13.0   13:00     W
27  20.2  24.8   11:54  16.9   05:48   0.1   2.0   0.0   3.7  16.0   02:15     E
28  18.2  19.3   10:11  16.8   23:52   0.3   0.2   0.2   6.3  26.0   15:36   WSW
29  17.9  22.1   12:44  14.8   23:59   1.1   0.7   0.0   2.3  13.0   10:23    NW
30  17.2  20.7   17:59  13.0   06:18   1.7   0.7   0.0   1.4   9.0   11:37   SSE
31  17.2  20.4   16:26  12.8   04:51   1.6   0.5   0.0   2.9  17.0   13:37     W
----------------------------------------------------------------------------------
    18.0  25.7    25    10.9    10    35.5  27.5  36.8   4.3  37.0    20     WSW

Max >=  27.0  0
Max <=   0.0  0
Min <=   0.0  0
Min <= -18.0  0
Max Rain: 15.2 on day 1
Days of Rain: 11 (>= 0.2 mm)  3 (>= 2.0 mm)  0 (>= 20.0 mm)
Heat Base: 18.3  Cool Base: 18.3  Method: Integration