Select a Year or Month report

Report for 2016 Jul
                   Monthly Climatological Summary for Jul 2016

Name: Worthing Weather   City: Worthing   County: UK
Elevation: 31 ft  Lat: N 50 49 12   Lon: W 000 22 47

                  Temperature (°C), Rain (mm), Wind Speed (mph)

                                      Heat  Cool        Avg
    Mean                              Deg   Deg         Wind                 Dom
Day Temp  High   Time   Low    Time   Days  Days  Rain  Speed High   Time    Dir
----------------------------------------------------------------------------------
 1  16.5  18.2   16:30  14.5   23:30   1.8   0.0   1.0   8.6  21.0   18:00     W
 2  16.4  20.4   12:00  12.7   02:00   1.9   0.0   0.0   6.6  21.0   14:30     W
 3  17.5  22.3   11:30  12.8   23:30   0.8   0.0   0.0   2.8  12.0   05:00   WNW
 4  16.7  22.3   09:30  10.2   05:00   1.6   0.0   0.0   3.4  14.0   21:30   WNW
 5  19.4  27.6   16:00  15.2   23:00   0.0   1.1   0.0   3.8  18.0   01:30     W
 6  18.2  24.2   12:00  12.3   03:30   0.1   0.0   0.0   2.2  11.0   16:30     W
 7  17.1  21.2   11:00  13.7   04:30   1.2   0.0   0.0   2.7  11.0   11:30     W
 8  18.0  21.6   13:00  15.6   05:00   0.3   0.0   0.0   5.5  17.0   12:30   WNW
 9  17.7  21.1   17:00  13.8   04:30   0.6   0.0   0.0   3.7  13.0   09:00   WNW
10  17.5  20.4   17:00  16.6   22:30   0.8   0.0   0.0   6.8  20.0   23:00     W
11  16.7  20.2   15:30  15.7   23:58   1.6   0.0   0.0   6.1  20.0   00:30     W
12  15.7  15.7   00:00  15.7   00:00   2.6   0.0   0.0   4.0  10.0   00:00   WNW
13  15.5  20.1   13:10  12.3   23:44   2.8   0.0   7.6   1.9  19.0   16:21   WNW
14  16.1  21.4   16:42  11.5   01:34   2.2   0.0   0.0   2.5  15.0   19:09   NNW
15  15.6  18.4   14:18  11.3   05:34   2.7   0.0   0.0   3.7  22.0   16:01     W
16  18.5  21.2   09:41  15.7   00:20   0.0   0.2   0.0   3.4  18.0   15:31     W
17  19.6  22.2   13:58  17.6   04:49   0.0   1.3   0.0   2.7  15.0   15:34     W
18  20.6  24.1   18:14  16.9   04:22   0.0   2.3   0.0   1.7  10.0   12:23     S
19  23.7  28.3   17:05  18.4   01:56   0.0   5.4   0.0   4.5  17.0   23:50     E
20  20.2  25.1   00:00  17.6   10:58   0.0   1.9   0.0   5.9  24.0   10:53   WSW
21  18.0  21.2   11:50  13.6   05:06   0.3   0.0   0.0   2.7  16.0   14:45     W
22  19.5  22.3   15:55  17.3   05:10   0.0   1.2   0.0   2.3  12.0   00:55     W
23  18.3  22.1   09:01  15.3   05:00   0.0   0.0   0.0   3.4  18.0   19:16   WSW
24  17.6  20.2   12:54  14.5   05:33   0.7   0.0   0.0   3.8  19.0   16:03   WSW
25  18.2  20.3   11:55  15.0   05:49   0.1   0.0   0.0   4.3  20.0   12:40     W
26  17.0  20.0   14:22  13.0   05:32   1.3   0.0   0.0   3.6  19.0   13:58     W
27  18.1  19.8   16:54  17.2   06:02   0.2   0.0   0.0   6.1  24.0   04:43     W
28  16.8  19.6   12:08  13.1   05:41   1.5   0.0   0.4   4.7  23.0   16:53     W
29  17.8  19.8   13:43  16.3   07:37   0.5   0.0   0.2   5.6  23.0   16:13     W
30  17.3  19.5   16:02  15.3   04:41   1.0   0.0   1.0   1.6  13.0   18:15     W
31  17.7  21.0   11:53  14.1   06:22   0.6   0.0   0.0   3.6  20.0   15:54     W
----------------------------------------------------------------------------------
    17.9  28.3    19    10.2     4    27.2  13.4  10.2   3.7  24.0    20       W

Max >=  27.0:  2
Max <=   0.0:  0
Min <=   0.0:  0
Min <= -18.0:  0
Max Rain: 7.6 on day 13
Days of Rain: 5 (>= 0.2 mm)  1 (>= 2.0 mm)  0 (>= 20.0 mm)
Heat Base: 18.3  Cool Base: 18.3  Method: Integration