Select a Year or Month report

Report for 2016 Jun
                   Monthly Climatological Summary for Jun 2016

Name: Worthing Weather   City: Worthing   County: UK
Elevation: 31 ft  Lat: N 50 49 12   Lon: W 000 22 47

                  Temperature (°C), Rain (mm), Wind Speed (mph)

                                      Heat  Cool        Avg
    Mean                              Deg   Deg         Wind                 Dom
Day Temp  High   Time   Low    Time   Days  Days  Rain  Speed High   Time    Dir
----------------------------------------------------------------------------------
 1  13.2  15.4   12:25  12.2   00:49   5.1   0.0   1.0   7.8  29.0   12:03   NNE
 2  12.1  14.7   15:45  10.1   05:26   6.2   0.0   0.2   7.9  32.0   04:16   NNE
 3  11.9  14.9   15:41   9.3   05:20   6.4   0.0   0.0   3.7  15.0   06:35   NNE
 4  15.2  19.1   19:51  11.8   02:23   3.1   0.0   0.0   2.0  14.0   15:34   NNW
 5  16.7  21.7   12:24  13.3   23:43   1.6   0.0   0.0   2.6  15.0   09:57    NE
 6  15.7  19.1   18:30  12.4   05:15   2.6   0.0   0.0   2.4  11.0   06:16   ESE
 7  17.1  21.7   15:26  12.7   05:15   1.2   0.0   3.0   1.7  14.0   11:41     W
 8  18.3  21.9   19:14  14.3   23:55   0.0   0.0   0.0   1.8  15.0   22:20    SW
 9  14.3  15.8   09:40  12.1   05:38   4.0   0.0   0.0   2.8  10.0   00:00   ESE
10  15.5  17.9   12:58  13.1   04:22   2.8   0.0   0.0   2.3  10.0   10:04   ESE
11  17.8  22.1   13:02  14.9   03:39   0.5   0.0   0.0   2.1  12.0   23:01   WSW
12  15.1  16.4   18:18  13.5   08:47   3.2   0.0   4.2   4.7  19.0   13:07   WSW
13  15.2  17.2   15:43  13.1   03:37   3.1   0.0   1.2   4.7  22.0   13:32     W
14  15.0  17.0   13:37  14.1   05:32   3.3   0.0   0.2   7.0  25.0   11:03     W
15  15.0  16.9   14:50  12.8   05:40   3.3   0.0   0.0   5.0  22.0   12:36   WSW
16  14.7  16.4   15:26  12.9   08:26   3.6   0.0   3.6   4.1  17.0   06:17   SSW
17  14.8  18.1   12:16  13.3   03:36   3.5   0.0  25.0   1.3  13.0   13:50    NW
18  14.8  17.5   15:58  12.4   06:33   3.5   0.0   0.0   1.4  11.0   09:37     N
19  14.8  17.6   12:12  12.3   00:31   3.5   0.0   2.0   4.9  21.0   16:31   WSW
20  15.3  18.3   16:47  14.4   05:19   3.0   0.0  18.8   7.5  26.0   11:34   WSW
21  16.4  18.4   15:02  14.7   22:13   1.9   0.0   0.0   3.5  19.0   13:18   WSW
22  16.7  20.3   18:26  14.2   01:39   1.6   0.0   6.8   1.8  12.0   12:12   SSW
23  17.6  20.3   13:47  14.7   23:57   0.7   0.0  16.4   1.6  11.0   18:24     S
24  15.2  18.1   15:29  10.8   05:02   3.1   0.0   0.2   4.3  20.0   13:07     W
25  15.3  17.9   10:02  12.6   05:17   3.0   0.0   0.0   3.3  20.0   13:38     W
26  14.9  18.6   14:28  11.2   04:33   3.4   0.0   0.4   4.3  23.0   15:57     W
27  17.4  21.9   13:39  14.7   00:00   0.9   0.0   0.0   4.5  21.0   16:54     W
28  15.1  17.6   12:10  12.7   04:40   3.2   0.0   4.8   5.0  31.0   21:14   WSW
29  14.0  16.1   09:16  11.4   05:08   4.3   0.0   2.6   7.5  31.0   14:37   WSW
30  15.7  17.9   12:58  13.7   01:17   2.6   0.0   2.4   5.9  24.0   16:40   WSW
----------------------------------------------------------------------------------
    15.4  22.1    11     9.3     3    88.2   0.0  92.8   4.0  32.0     2       W

Max >=  27.0:  0
Max <=   0.0:  0
Min <=   0.0:  0
Min <= -18.0:  0
Max Rain: 25.0 on day 17
Days of Rain: 17 (>= 0.2 mm)  11 (>= 2.0 mm)  1 (>= 20.0 mm)
Heat Base: 18.3  Cool Base: 18.3  Method: Integration