Select a Year or Month report

Report for 2016 May
                   Monthly Climatological Summary for May 2016

Name: Worthing weather   City: worthing   State: 
Elevation: 31 ft  Lat: N 50 49 12   Lon: W 000 22 47

                  Temperature (°C), Rain (mm), Wind Speed (m/s)

                                      Heat  Cool        Avg
    Mean                              Deg   Deg         Wind                 Dom
Day Temp  High   Time   Low    Time   Days  Days  Rain  Speed High   Time    Dir
----------------------------------------------------------------------------------
 1   8.7  11.8   12:41   3.4   05:54   9.6   0.0   0.0   3.5  19.0   17:33   WSW
 2  10.3  12.2   15:59   7.3   23:44   8.0   0.0   1.0   5.9  23.0   14:36   WSW
 3   9.3  12.8   16:43   4.2   05:45   9.0   0.0   0.0   3.7  23.0   15:35     W
 4   9.7  12.7   13:17   4.6   05:16   8.6   0.0   0.0   1.6   8.0   09:23     S
 5  13.2  17.3   18:34   8.4   00:30   5.1   0.0   0.0   3.8  15.0   14:24     E
 6  15.0  19.3   18:26  11.4   05:06   3.3   0.0   0.0   3.1  14.0   09:08     E
 7  16.5  20.9   10:30  13.2   06:30   1.8   0.0   0.0   3.6  13.0   15:00     E
 8  19.3  24.0   17:00  13.3   00:30   0.0   1.0   0.0   4.5  15.0   09:30   ENE
 9  18.0  22.1   12:00  14.8   19:30   0.3   0.0   0.0   4.5  12.0   01:00    SE
10  15.1  19.1   13:00  14.2   21:41   3.2   0.0   0.0   0.9  10.0   00:00   ESE
11  13.9  15.3   08:04  12.3   21:32   4.4   0.0  13.6   0.6   6.0   14:19   SSE
12  17.6  23.3   15:22  13.2   00:00   0.7   0.0   5.0   4.4  19.0   15:41    NE
13  15.3  21.8   14:25  10.0   23:59   3.0   0.0   0.0   8.0  28.0   07:26   NNE
14  10.3  14.2   15:39   7.6   23:54   8.0   0.0   0.0   3.9  19.0   00:00   NNE
15  10.8  14.1   11:52   5.1   05:02   7.5   0.0   0.0   3.3  23.0   14:05     W
16  13.0  17.8   13:42   8.0   05:37   5.3   0.0   0.0   2.5  19.0   14:04     W
17  12.5  15.5   09:20   8.1   05:17   5.8   0.0   0.0   4.1  22.0   17:22   WSW
18  11.8  13.4   14:51  10.2   22:12   6.5   0.0   9.2   6.1  22.0   06:50    SW
19  12.5  16.1   10:53   8.9   05:23   5.8   0.0   0.0   5.6  23.0   23:30     W
20  13.3  15.4   14:41  12.1   03:40   5.0   0.0   0.2   6.0  21.0   00:00   WSW
21  13.6  14.8   12:44  12.5   00:00   4.7   0.0   0.8   5.3  20.0   07:14   SSW
22  13.5  16.8   17:35  11.3   05:36   4.8   0.0   0.4   2.5  14.0   12:06     W
23  14.5  19.7   14:48   9.4   05:24   3.8   0.0   0.2   3.5  18.0   16:39   NNW
24  12.7  16.6   11:40   9.7   06:06   5.6   0.0   0.0   4.0  15.0   10:05     E
25  11.2  14.7   17:16   7.3   04:01   7.1   0.0   0.0   3.1  14.0   10:34    NE
26  12.9  16.9   18:50   7.7   04:59   5.4   0.0   0.0   2.6  11.0   14:41   ESE
27  14.9  19.4   12:04  11.4   04:51   3.4   0.0   0.0   3.0  15.0   08:35   ENE
28  15.5  20.2   16:24  12.1   05:42   2.8   0.0   4.2   4.4  16.0   09:40    NE
29  15.8  20.6   17:24  11.0   05:41   2.5   0.0   0.0   6.3  24.0   12:45   NNE
30  14.9  17.2   18:58  11.8   04:49   3.4   0.0   0.0   7.3  30.0   22:02   NNE
31  12.8  14.9   14:55  11.2   09:18   5.5   0.0   4.8   9.6  35.0   11:29   NNE
----------------------------------------------------------------------------------
    13.5  24.0     8     3.4     1   149.9   1.0  39.4   4.3  35.0    31     NNE

Max >=  27.0:  0
Max <=   0.0:  0
Min <=   0.0:  0
Min <= -18.0:  0
Max Rain: 13.6 on day 11
Days of Rain: 10 (>= 0.2 mm)  5 (>= 2.0 mm)  0 (>= 20.0 mm)
Heat Base: 18.3  Cool Base: 18.3  Method: Integration
Time / Date