°C

Conditions at local time : on    Forecast:

NOAA-Style Climate Reports



Report for 2016 Apr
                   Monthly Climatological Summary for Apr 2016

Name: Worthing Weather   City: Worthing West Sussex   State: UK
Elevation: 21 ft  Lat: N 50° 48' 36"   Lon: W 000° 22' 30"

                  Temperature (°C), Rain (mm), Wind Speed (mph)

                                      Heat  Cool        Avg
    Mean                              Deg   Deg         Wind                 Dom
Day Temp  High   Time   Low    Time   Days  Days  Rain  Speed High   Time    Dir
----------------------------------------------------------------------------------
01   7.4  10.3   12:50   2.7   05:08  10.9   0.0   0.0   3.1  15.0   13:19   SSE
02   9.1  10.9   11:51   7.6   20:22   9.2   0.0   5.9   4.6  15.0   02:28    SE
03  10.0  12.9   16:11   7.8   04:44   8.1   0.0   0.2   3.8  19.0   18:09    SE
04   9.8  11.4   13:22   8.9   23:00   8.5   0.0   2.6   4.4  18.0   16:12     S
05  10.6  15.7   11:00   7.7   23:30   7.8   0.0   0.0   1.5  11.0   13:10   ENE
06  13.1  13.1   16:00   6.5   03:00  -2.4   0.0   0.0   6.3  23.0   13:30   ENE
07   8.4  12.3   17:30   5.4   06:00   9.7   0.0   1.0   4.1  13.0   08:30   ENE
08   9.2  15.6   11:30   3.1   05:00   9.1   0.0   1.0   2.8  12.0   21:30   ENE
09   9.2  14.8   13:30   6.6   22:00   9.1   0.0   2.0   4.7  16.0   17:30   ENE
10  10.6  13.2   10:30   6.7   02:30   7.7   0.0   2.0   6.3  19.0   13:00   ENE
11  10.6  13.2   10:30   6.7   02:30   7.7   0.0   0.0   2.1   8.0   04:00   ENE
12  11.7  18.0   14:30   5.4   06:30   6.6   0.0   0.0   1.4   7.0   00:30   ENE
13  10.5  17.5   09:54   4.9   04:13   7.8   0.0   0.0   0.4   7.0   23:59   ENE
14  10.4  14.7   11:51   6.6   04:17   7.9   0.0   2.0   0.7   8.0   19:56     S
15   9.4   9.4   00:00   9.4   00:00   8.9   0.0   0.0   0.0   1.0   00:00     E
16   7.9  12.4   12:00   4.2   23:30  10.5   0.0   0.0   2.2  11.0   10:30   WNW
17   8.3  15.9   11:00   1.0   05:30  10.0   0.0   0.0   2.9  12.0   19:00     N
18   9.0  14.8   12:30   1.8   05:30   9.3   0.0   0.0   3.9  17.0   14:00   NNE
19  11.7  18.8   11:00   6.7   06:00   6.6   0.0   0.0   2.5  11.0   17:30    NW
20  11.5  19.2   15:30   5.1   06:00   6.8   0.0   0.0   4.4  13.0   10:00    NW
21  13.6  21.9   14:00   8.1   00:00   5.2   0.5   0.0   3.8  13.0   11:00     N
22   9.9  11.3   13:30   6.9   23:30   8.4   0.0   1.0   3.1  11.0   01:00     N
23   8.8  13.9   14:30   4.4   22:00   9.6   0.0   1.0   2.5  13.0   13:30   WNW
24   8.6  13.8   14:00   4.2   00:00   9.7   0.0   0.0   1.0  11.0   06:00    NW
25   8.1  12.6   16:32   4.2   23:51  10.2   0.0   1.6   3.1  20.0   11:25   WNW
26   5.8   9.8   15:25   2.9   05:53  12.5   0.0   1.8   3.3  20.0   10:37    NW
27   5.6  10.6   13:15   1.3   05:05  12.7   0.0   0.2   2.4  19.0   18:54   WNW
28   6.7  10.3   15:30   1.1   05:46  11.6   0.0   0.0   5.1  28.0   23:17   WSW
29   8.2  10.4   15:06   5.4   23:19  10.1   0.0   0.8   5.6  25.0   00:19     W
30   8.0  13.4   14:11   3.2   05:29  10.3   0.0   0.4   2.2  18.0   16:02   NNW
----------------------------------------------------------------------------------
     9.4  21.9    21     1.0    17   260.1   0.5  23.5   2.9  28.0    28     NNE

Max >=  27.0  0
Max <=   0.0  0
Min <=   0.0  0
Min <= -18.0  0
Max Rain: 5.9 on day 2
Days of Rain: 15 (>= 0.2 mm)  5 (>= 2.0 mm)  0 (>= 20.0 mm)
Heat Base: 18.3  Cool Base: 18.3  Method: Integration