Select a Year or Month report

Report for 2016 Mar
                   Monthly Climatological Summary for Mar 2016

Name: Worthing Weather   City: Worthing   County: UK
Elevation: 31 ft  Lat: N 50 49 12   Lon: W 000 22 47

                  Temperature (°C), Rain (mm), Wind Speed (mph)

                                      Heat  Cool        Avg
    Mean                              Deg   Deg         Wind                 Dom
Day Temp  High   Time   Low    Time   Days  Days  Rain  Speed High   Time    Dir
----------------------------------------------------------------------------------
 1   7.8   9.6   16:09   5.6   01:10  10.5   0.0   5.6   6.5  25.0   11:31   WSW
 2   6.2   8.7   14:58   3.6   06:24  12.1   0.0   3.5   6.4  36.0   13:37   WNW
 3   6.8   9.5   12:05   4.0   07:08  11.5   0.0   2.3   5.7  27.0   04:23     W
 4   5.4   8.0   13:41   2.3   06:57  12.9   0.0   3.3   2.9  25.0   00:00     W
 5   3.5   7.8   14:15   0.3   06:41  14.8   0.0   0.0   3.2  20.0   15:18   NNE
 6   3.6   8.3   13:20   0.2   06:27  14.7   0.0   0.0   1.6  15.0   10:22    NW
 7   4.1   8.0   15:27   0.3   06:42  14.2   0.0   0.0   2.6  25.0   11:17   NNE
 8   4.5   8.5   15:00  -0.8   05:39  13.8   0.0   1.8   3.2  26.0   21:17    SW
 9   7.2   8.3   13:54   6.1   19:45  11.1   0.0  16.3   7.9  36.0   05:28     S
10   6.2   8.1   13:28   3.7   23:58  12.1   0.0   0.0   1.6  11.0   12:20    NE
11   4.8   9.0   15:01   1.1   06:35  13.5   0.0   0.2   1.1  11.0   10:29     E
12   5.6  10.5   15:07   1.5   06:31  12.7   0.0   0.3   0.9   6.0   08:09   ESE
13   5.4  10.9   14:23   1.4   03:48  12.9   0.0   0.0   4.4  20.0   17:09   ENE
14   5.9   9.9   15:46   3.3   06:03  12.4   0.0   0.0   4.7  23.0   10:47   ENE
15   6.5  10.7   13:14   2.8   06:16  11.8   0.0   0.0   5.6  21.0   14:17   ENE
16   6.7   9.4   11:09   3.9   23:43  11.6   0.0   0.0   5.6  27.0   16:36   ENE
17   6.5  11.9   14:50   2.9   06:28  11.8   0.0   0.0   3.9  19.0   10:42   ENE
18   4.6   7.1   16:59   1.9   03:18  13.7   0.0   0.0   3.2  14.0   19:47   ENE
19   6.8   9.2   15:30   5.6   01:12  11.5   0.0   0.0   4.7  19.0   09:29   ENE
20   6.9   9.8   16:23   5.3   03:44  11.4   0.0   0.0   3.2  18.0   09:00   ENE
21   8.6  13.0   12:44   6.0   23:56   9.7   0.0   0.0   1.6  12.0   14:36     N
22   7.1  11.1   11:10   3.2   05:34  11.2   0.0   0.0   1.1   9.0   13:28    SW
23   8.0  11.3   11:56   4.8   01:17  10.3   0.0   0.5   1.1   7.0   05:17     W
24   7.7  10.2   13:11   4.8   05:41  10.6   0.0   4.0   5.2  24.0   18:27     W
25   9.4  14.6   13:11   7.8   00:18   8.9   0.0   3.9   4.3  25.0   00:37     W
26   9.2  11.4   15:33   7.7   20:04   9.1   0.0   5.0   9.8  30.0   12:14   WSW
27   8.2   9.6   13:40   5.3   11:30  10.1   0.0   5.6  10.0  34.0   13:48     W
28   8.6  10.9   13:42   6.2   21:03   9.7   0.0   2.1  13.2  55.0   06:55     W
29   8.3  10.6   14:56   6.7   00:12  10.0   0.0   0.2   7.0  28.0   19:20     W
30   7.4   8.7   20:52   7.3   00:00  10.9   0.0   0.5   4.4   9.0   00:00     W
31   8.9  13.4   15:57   5.6   07:18   9.4   0.0   0.0   3.0  18.0   12:02   NNE
----------------------------------------------------------------------------------
     6.7  14.6    25    -0.8     8   360.9   0.0  55.1   4.5  55.0    28     WNW

Max >=  27.0:  0
Max <=   0.0:  0
Min <=   0.0:  1
Min <= -18.0:  0
Max Rain: 16.3 on day 9
Days of Rain: 16 (>= 0.2 mm)  10 (>= 2.0 mm)  0 (>= 20.0 mm)
Heat Base: 18.3  Cool Base: 18.3  Method: Integration