Select a Year or Month report

Report for 2016 Feb
                   Monthly Climatological Summary for Feb 2016

Name: Worthing weather   City: worthing   State: 
Elevation: 31 ft  Lat: N 50 49 12   Lon: W 000 22 47

                  Temperature (°C), Rain (mm), Wind Speed (m/s)

                                      Heat  Cool        Avg
    Mean                              Deg   Deg         Wind                 Dom
Day Temp  High   Time   Low    Time   Days  Days  Rain  Speed High   Time    Dir
----------------------------------------------------------------------------------
 1  10.4  11.1   15:37   9.6   23:14   7.9   0.0   0.0   7.5  25.0   14:06     W
 2   8.6  11.3   13:02   5.2   22:35   9.7   0.0   0.5   4.7  24.0   14:15   WNW
 3   5.4   9.4   16:01   2.3   04:52  12.9   0.0   0.0   3.5  25.0   11:55   WNW
 4   9.7  13.9   13:09   3.6   00:40   8.6   0.0   0.3   3.6  20.0   05:33   WNW
 5   9.5  10.1   15:05   8.9   04:04   8.8   0.0   0.0   7.3  27.0   19:28    SW
 6   9.9  11.4   15:21   6.7   23:55   8.4   0.0   1.0  12.1  38.0   21:29    SW
 7   8.1  10.4   23:23   5.3   05:41  10.2   0.0   3.0   9.4  39.0   19:45   WSW
 8   8.6   9.9   01:25   7.0   05:59   9.7   0.0   1.3  10.3  41.0   12:55     W
 9   5.8   7.8   04:10   4.1   17:56  12.5   0.0   7.9   3.7  30.0   21:15     W
10   5.8   8.2   14:36   2.3   23:32  12.5   0.0   0.0   2.9  22.0   00:00   WNW
11   4.8   8.7   14:03   0.5   06:39  13.5   0.0   1.5   0.9  14.0   22:36    SW
12   5.8   7.1   03:16   4.8   18:36  12.5   0.0   1.8   4.7  25.0   02:04    SE
13   4.8   6.4   02:15   3.7   14:50  13.5   0.0  11.2   5.0  23.0   08:27     E
14   4.1   7.1   13:08   1.7   23:50  14.2   0.0   1.5   4.6  22.0   13:04    NE
15   3.0   6.9   14:05  -0.2   06:26  15.3   0.0   0.0   4.9  23.0   02:33    NE
16   3.9   7.6   14:03  -1.2   07:25  14.4   0.0   0.0   2.5  15.0   23:35   SSW
17   5.7   6.5   16:44   4.6   23:29  12.6   0.0   9.6   6.1  19.0   07:56    SW
18   4.7   8.6   14:37   1.1   22:16  13.6   0.0   2.6   1.7  15.0   00:07     N
19   7.9   9.0   11:26   1.4   00:00  10.4   0.0   3.0   7.5  29.0   20:15   WSW
20   9.1   9.8   11:21   8.2   04:05   9.2   0.0   0.3   6.5  24.0   19:26     W
21   9.5   9.9   14:08   9.1   05:11   8.8   0.0   0.2   7.3  25.0   08:24     W
22   8.2   9.8   00:13   5.2   23:55  10.1   0.0   5.4   2.7  20.0   00:00   WNW
23   5.2  10.3   14:35   2.4   03:21  13.1   0.0   0.2   1.0  10.0   13:07   NNW
24   4.1   7.4   16:36   0.6   23:55  14.2   0.0   0.0   1.5   9.0   11:32   ENE
25   3.1   8.0   13:55  -0.8   07:02  15.2   0.0   0.0   0.9  13.0   12:34     N
26   5.1   7.7   11:08   1.2   00:10  13.2   0.0   0.0   2.7  17.0   22:58    SE
27   4.9   7.4   13:36   3.3   23:48  13.4   0.0   0.0   5.6  24.0   17:23   ENE
28   4.3   7.2   14:08   2.2   07:02  14.0   0.0   0.0   4.8  24.0   14:23   ENE
29   4.9   8.8   13:52   0.7   06:58  13.4   0.0   0.0   2.0  12.0   01:20   NNE
----------------------------------------------------------------------------------
     6.4  13.9     4    -1.2    16   345.8   0.0  51.3   4.7  41.0     8       W

Max >=  27.0:  0
Max <=   0.0:  0
Min <=   0.0:  3
Min <= -18.0:  0
Max Rain: 11.2 on day 13
Days of Rain: 17 (>= 0.2 mm)  7 (>= 2.0 mm)  0 (>= 20.0 mm)
Heat Base: 18.3  Cool Base: 18.3  Method: Integration
Time / Date