Select a Year or Month report

Report for 2016 Jan
                   Monthly Climatological Summary for Jan 2016

Name: Worthing weather   City: worthing   State: 
Elevation: 31 ft  Lat: N 50 49 12   Lon: W 000 22 47

                  Temperature (°C), Rain (mm), Wind Speed (m/s)

                                      Heat  Cool        Avg
    Mean                              Deg   Deg         Wind                 Dom
Day Temp  High   Time   Low    Time   Days  Days  Rain  Speed High   Time    Dir
----------------------------------------------------------------------------------
 1   7.1   9.7   12:10   2.2   04:00  11.2   0.0   5.3   6.8  29.0   19:10   SSE
 2  10.5  11.4   14:20   9.2   00:00   7.8   0.0   1.8  10.0  33.0   06:40   SSW
 3   8.8   9.8   23:50   6.4   05:00   9.5   0.0  13.4   6.9  34.0   13:50    SW
 4   9.2  10.1   08:40   7.7   00:10   9.1   0.0  13.4   5.9  25.0   19:30   WSW
 5   8.6  10.1   12:20   5.9   23:20   9.7   0.0  16.8   3.2  27.0   00:00   WSW
 6   7.1   9.8   23:30   5.4   02:10  11.2   0.0   0.2   1.4  18.0   23:10   SSW
 7   8.2  10.9   07:50   4.3   23:00  10.1   0.0  11.2   7.7  36.0   13:20   WSW
 8   8.3  10.3   14:10   3.2   03:50  10.0   0.0   8.7   5.1  22.0   09:20    SW
 9   9.7  11.0   13:10   6.1   23:50   8.6   0.0   8.1   9.5  40.0   17:20    SW
10   7.9   9.1   04:10   6.0   10:40  10.4   0.0  10.1   6.7  33.0   04:30   WSW
11   6.9   9.3   02:24   4.2   23:24  11.4   0.0  17.3   4.9  31.0   03:59   WSW
12   5.5   7.9   12:23   3.5   02:32  12.8   0.0   0.3   4.9  22.0   12:33   WNW
13   5.2   8.4   14:26   1.7   08:34  13.1   0.0  11.1   3.5  28.0   23:44     W
14   4.0   6.8   01:19   2.0   07:44  14.3   0.0   3.3   4.6  24.0   00:18   WNW
15   2.7   6.1   14:00   0.8   03:37  15.6   0.0   0.0   3.0  19.0   11:39   NNW
16   2.1   5.6   15:31  -0.4   07:21  16.2   0.0   0.0   0.8  11.0   10:35     N
17   3.8   6.2   22:38   0.9   06:04  14.5   0.0   6.1   5.4  19.0   19:44    SE
18   4.1   5.9   00:00   0.2   23:47  14.2   0.0   0.0   5.7  19.0   02:17   SSE
19   0.5   4.9   13:58  -1.4   05:53  17.8   0.0   0.0   1.1   7.0   00:10   ENE
20   2.6   6.7   14:24  -1.4   06:11  15.7   0.0   0.0   1.6  11.0   20:40   ESE
21   6.5   8.1   13:20   4.6   01:54  11.8   0.0   0.0   6.5  21.0   12:02   SSW
22   7.6   9.9   15:45   6.1   23:00  10.7   0.0  15.0   4.6  19.0   08:43   SSW
23   7.3   9.2   11:22   3.5   07:03  11.0   0.0   7.9   2.3  16.0   19:41    SW
24   9.8  11.1   16:22   8.8   00:00   8.5   0.0   1.0   2.1  16.0   07:59   WSW
25   9.6  11.1   15:06   7.8   23:58   8.7   0.0   0.2   3.9  23.0   16:49   WSW
26   9.2  10.2   12:58   7.7   00:11   9.1   0.0   1.3   8.5  32.0   19:56   WSW
27  10.0  11.0   10:30   7.4   23:50   8.3   0.0  13.7   9.0  30.0   13:28   WSW
28   6.6   9.6   23:23   1.7   07:01  11.7   0.0   0.0   3.5  26.0   20:50     W
29   9.9  10.8   12:22   9.4   00:35   8.4   0.0   1.0  10.5  34.0   21:37     W
30   7.5   9.9   03:33   5.8   18:42  10.8   0.0   7.9   5.6  37.0   00:59     W
31   9.2  11.5   12:46   5.9   00:16   9.1   0.0   1.5   4.6  23.0   11:27     W
----------------------------------------------------------------------------------
     7.0  11.5    31    -1.4    19   351.3   0.0 176.6   4.7  40.0     9      SW

Max >=  27.0:  0
Max <=   0.0:  0
Min <=   0.0:  3
Min <= -18.0:  0
Max Rain: 17.3 on day 11
Days of Rain: 24 (>= 0.2 mm)  16 (>= 2.0 mm)  0 (>= 20.0 mm)
Heat Base: 18.3  Cool Base: 18.3  Method: Integration
Time / Date