Select a Year or Month report

Report for 2016
                   Annual Climatological Summary for 2016

Name: Worthing Weather   City: Worthing   County: UK
Elevation: 31 ft  Lat: N 50 49 12   Lon: W 000 22 47

                  Temperature (°C), Heat Base: 18.3  Cool Base: 18.3
                          Dep.  Heat  Cool                       Max  Max  Min  Min
        Mean  Mean        From  Deg   Deg                        >=   <=   <=   <=
 YR MO  Max   Min   Mean  Norm  Days  Days  Hi  Date  Low  Date 27.0  0.0  0.0 -18.0
------------------------------------------------------------------------------------
 16  1   9.1   4.4   7.0   0.0   351     0  11.5  31  -1.4   19    0    0    3    0
 16  2   8.9   3.6   6.4   0.0   345     0  13.9   4  -1.2   16    0    0    3    0
 16  3   9.9   3.9   6.7   0.0   360     0  14.6  25  -0.8    8    0    0    1    0
 16  4  13.7   5.2   9.3   0.0   270     0  21.9  21   1.0   17    0    0    0    0
 16  5  17.1   9.9  13.5   0.0   149     1  24.0   8   3.4    1    0    0    0    0
 16  6  18.2  12.9  15.4   0.0    88     0  22.1  11   9.3    3    0    0    0    0
 16  7  21.3  14.7  17.9   0.0    27    13  28.3  19  10.2    4    2    0    0    0
 16  8  21.1  14.9  18.0   0.0    22    14  25.7  25  10.9   10    0    0    0    0
 16  9  20.5  14.7  17.8   0.0    31    17  27.9  13   8.8   11    1    0    0    0
 16 10  16.5   9.4  12.4   0.0   183     0  23.3   2   6.3    3    0    0    0    0
 16 11  10.8   4.8   7.9   0.0   313     0  15.6  15  -0.3   30    0    0    1    0
 16 12  10.0   5.4   7.9   0.0   322     0  12.8   9  -1.7    1    0    0    1    0
------------------------------------------------------------------------------------
        14.8   8.6  11.7   0.0  2466    46  28.3 Jul  -1.7  Dec    3    0    9    0

                                Precipitation (mm)

              Dep.   Max        Days of Rain
              From   Obs.           >=
 YR MO Total  Norm   Day Date  0.2  2.0 20.0
---------------------------------------------
 16  1 176.6   0.0  17.3  11    24   16    0
 16  2  51.3   0.0  11.2  13    17    7    0
 16  3  55.1   0.0  16.3   9    16   10    0
 16  4  23.5   0.0   5.9   2    15    5    0
 16  5  39.4   0.0  13.6  11    10    5    0
 16  6  92.8   0.0  25.0  17    17   11    1
 16  7  10.2   0.0   7.6  13     5    1    0
 16  8  36.8   0.0  15.2   1    11    3    0
 16  9  30.2   0.0   9.0   5    12    5    0
 16 10  57.8   0.0  36.0   1     9    5    1
 16 11  81.8   0.0  17.8  19    16    9    0
 16 12  28.0   0.0   7.8  16    16    5    0
---------------------------------------------
       683.5   0.0  36.0  Oct  168   82    2

                                Wind Speed (mph)
                          Dom
 YR MO   Avg.  Hi   Date  Dir
------------------------------
 16  1   4.7  40.0    9   WSW
 16  2   4.7  41.0    8     W
 16  3   4.5  55.0   28   WNW
 16  4   2.9  28.0   28    SW
 16  5   4.3  35.0   31   NNW
 16  6   4.0  32.0    2     W
 16  7   3.7  24.0   20     W
 16  8   4.3  37.0   20     W
 16  9   4.1  28.0   29   WSW
 16 10   3.0  28.0   15   NNE
 16 11   4.4  46.0   17   NNW
 16 12   2.9  35.0   23    SW
------------------------------
         4.0  55.0  Mar     W