Select a Year or Month report

Report for 2015 Dec
                   Monthly Climatological Summary for Dec 2015

Name: Worthing Weather   City: Worthing   County: UK
Elevation: 31 ft  Lat: N 50 49 12   Lon: W 000 22 47

                  Temperature (°C), Rain (mm), Wind Speed (mph)

                                      Heat  Cool        Avg
    Mean                              Deg   Deg         Wind                 Dom
Day Temp  High   Time   Low    Time   Days  Days  Rain  Speed High   Time    Dir
----------------------------------------------------------------------------------
 1  12.5  13.5   12:21  11.9   23:58   5.8   0.0   0.0   5.3  20.0   12:43     W
 2  12.3  12.6   09:26  11.8   00:03   6.0   0.0   0.0   6.7  21.0   08:56   WSW
 3  12.1  12.9   22:53  11.5   21:48   6.2   0.0   4.4   9.4  32.0   20:33    SW
 4  10.4  13.1   00:11   5.7   07:37   7.9   0.0   0.2   5.1  26.0   00:18     W
 5  11.7  12.3   23:56  11.3   06:40   6.6   0.0   0.3  11.4  34.0   13:31   WSW
 6  12.0  12.8   10:40  11.6   06:27   6.3   0.0   2.5   7.9  32.0   00:00   WSW
 7  12.1  13.1   14:13  11.5   17:00   6.2   0.0   1.8   5.3  24.0   23:44   SSW
 8  11.1  12.6   12:30   6.8   23:56   7.2   0.0   9.1   6.5  23.0   18:31   WSW
 9  10.0  12.0   13:37   4.6   04:01   8.3   0.0   0.0   6.4  25.0   21:27   WSW
10  10.9  11.7   19:47   9.9   21:40   7.4   0.0  15.4   8.3  26.0   12:40   WSW
11  10.1  11.6   13:48   7.2   23:59   8.2   0.0   2.8   3.1  20.0   07:41     W
12  10.3  12.1   12:17   6.7   02:26   8.0   0.0   0.0   5.1  27.0   12:46     W
13  11.1  11.9   00:00   9.2   23:56   7.2   0.0   0.0   3.4  16.0   00:08   WSW
14   9.6  12.1   23:30   8.3   03:43   8.7   0.0   0.3   4.7  15.0   00:00     S
15  13.0  13.9   23:30  12.2   00:00   5.3   0.0   1.8   2.6   9.0   00:00     W
16  13.9  14.2   11:00  13.5   07:30   4.4   0.0   0.5   2.1   9.0   02:30     W
17  13.9  14.9   12:00  12.9   23:00   4.4   0.0   2.3   2.0  10.0   09:00     W
18  13.4  14.0   11:00  13.0   01:00   4.9   0.0   0.0   2.6  10.0   11:00     W
19  14.5  15.4   12:00  14.0   00:00   3.8   0.0   0.0   3.5  13.0   01:00     W
20  11.3  14.6   03:30   8.9   23:44   7.0   0.0   3.6   7.6  25.0   22:47   WSW
21  11.0  12.3   16:59   8.9   01:00   7.3   0.0   3.8   7.4  34.0   11:01   WSW
22  12.5  13.3   11:53  10.4   23:03   5.8   0.0  13.9  10.1  32.0   09:15   WSW
23  11.1  12.3   12:00   9.9   07:26   7.2   0.0   0.2   6.7  27.0   23:07     W
24  10.1  12.4   09:36   7.7   23:57   8.2   0.0   3.6   7.5  38.0   11:31   WSW
25  11.6  13.3   17:11   7.7   00:00   6.7   0.0   1.3   8.5  29.0   20:43    SW
26  12.7  13.2   00:12  12.3   19:54   5.6   0.0   0.0   8.6  26.0   03:32   WSW
27  12.2  12.9   07:30  11.4   23:50   6.1   0.0   0.0   6.7  26.0   07:40   WSW
28  11.9  12.6   18:20  10.8   04:30   6.4   0.0   0.0   7.7  25.0   18:20     S
29  11.3  12.3   00:00  10.1   06:20   7.0   0.0   2.6   8.2  29.0   23:30    SW
30  11.8  12.6   17:00   9.0   23:50   6.5   0.0  10.9  13.5  33.0   18:00   SSW
31   9.5  11.3   14:20   5.2   23:50   8.8   0.0   4.8   8.2  38.0   03:50   WSW
----------------------------------------------------------------------------------
    11.7  15.4    19     4.6     9   205.4   0.0  86.1   7.0  38.0    24     WSW

Max >=  27.0:  0
Max <=   0.0:  0
Min <=   0.0:  0
Min <= -18.0:  0
Max Rain: 15.4 on day 10
Days of Rain: 21 (>= 0.2 mm)  13 (>= 2.0 mm)  0 (>= 20.0 mm)
Heat Base: 18.3  Cool Base: 18.3  Method: Integration