Select a Year or Month report

Report for 2015 Nov
                   Monthly Climatological Summary for Nov 2015

Name: Worthing Weather   City: Worthing   County: UK
Elevation: 31 ft  Lat: N 50 49 12   Lon: W 000 22 47

                  Temperature (°C), Rain (mm), Wind Speed (mph)

                                      Heat  Cool        Avg
    Mean                              Deg   Deg         Wind                 Dom
Day Temp  High   Time   Low    Time   Days  Days  Rain  Speed High   Time    Dir
----------------------------------------------------------------------------------
 1  11.3  14.0   13:00   8.2   04:41   7.0   0.0   0.2   1.1   8.0   15:22   ENE
 2  11.3  14.8   12:57   8.4   07:12   7.0   0.0   0.3   2.1  14.0   19:26   ESE
 3  12.9  14.2   13:24  10.7   04:23   5.4   0.0   0.7   2.5  12.0   01:05   ESE
 4  13.0  14.3   23:12  11.6   05:32   5.3   0.0   9.9   1.6  13.0   18:33   WSW
 5  14.3  14.8   12:10  13.5   16:00   4.0   0.0  10.4   7.6  29.0   19:21    SW
 6  14.3  15.6   13:20  13.1   05:28   4.0   0.0   9.2   6.1  24.0   16:29   WSW
 7  14.4  16.2   13:09  11.1   23:56   3.9   0.0   4.3   6.6  31.0   13:32   WSW
 8  13.6  15.4   18:09   9.8   02:51   4.7   0.0   0.5   4.7  23.0   19:19    SW
 9  13.4  14.6   14:04  10.8   05:22   4.9   0.0   0.0   7.2  29.0   17:58     W
10  14.0  14.4   10:00  13.7   07:07   4.3   0.0   0.0   6.4  22.0   08:04     W
11  14.1  15.2   12:34  13.0   16:55   4.2   0.0   0.0   5.3  20.0   13:08     W
12  13.9  14.7   11:40  12.9   05:49   4.4   0.0   0.5   5.7  24.0   21:46   WSW
13  11.0  14.4   00:23   9.3   21:36   7.3   0.0   3.1   5.7  26.0   00:21     W
14  11.2  13.8   21:50   8.0   03:50   7.1   0.0   8.6   6.3  28.0   15:44     W
15  13.7  14.2   03:40  13.2   17:14   4.6   0.0   0.0   8.4  27.0   06:12     W
16  13.1  14.1   12:40  12.3   17:03   5.2   0.0  17.3   7.0  39.0   03:48     W
17  13.8  14.8   15:10  12.9   00:00   4.5   0.0   6.9   8.8  32.0   15:12     W
18  13.3  14.5   12:29  12.1   06:15   5.0   0.0   0.0   8.1  33.0   11:45     W
19  11.5  13.2   01:27   9.5   21:30   6.8   0.0   5.8   3.8  24.0   00:08     W
20   7.5   9.9   02:12   4.2   23:55  10.8   0.0   2.3   2.2  15.0   23:05   WNW
21   3.3   6.5   13:18   0.4   23:58  15.0   0.0   1.3   5.7  31.0   11:03     N
22   2.9   7.4   13:32  -1.4   06:12  15.4   0.0   0.0   2.2  24.0   21:08   NNE
23   5.1   9.9   22:56   0.9   02:43  13.2   0.0   0.2   1.4  21.0   23:55   WNW
24   8.7  11.1   09:12   5.9   23:46   9.6   0.0  12.5   5.2  30.0   06:47     W
25   8.1  10.6   13:05   5.8   00:01  10.2   0.0   0.2   1.7  16.0   12:44    NW
26   8.9  11.4   12:27   7.4   07:48   9.4   0.0   0.6   0.4   8.0   14:57    NW
27  10.3  11.8   10:47   6.2   23:58   8.0   0.0   2.2   4.8  24.0   19:41     W
28   7.2  10.9   20:58   2.2   06:53  11.1   0.0   4.9   4.9  29.0   15:48     W
29  11.7  12.7   12:15  10.3   00:00   6.6   0.0   0.0   8.3  31.0   18:32     W
30  11.9  12.8   14:53  10.3   02:27   6.4   0.0   1.2   7.5  30.0   13:04     W
----------------------------------------------------------------------------------
    11.1  16.2     7    -1.4    22   215.3   0.0 103.1   5.0  39.0    16       W

Max >=  27.0:  0
Max <=   0.0:  0
Min <=   0.0:  1
Min <= -18.0:  0
Max Rain: 17.3 on day 16
Days of Rain: 23 (>= 0.2 mm)  13 (>= 2.0 mm)  0 (>= 20.0 mm)
Heat Base: 18.3  Cool Base: 18.3  Method: Integration