Select a Year or Month report

Report for 2015 Oct
                   Monthly Climatological Summary for Oct 2015

Name: Worthing Weather   City: Worthing   County: UK
Elevation: 31 ft  Lat: N 50 49 12   Lon: W 000 22 47

                  Temperature (°C), Rain (mm), Wind Speed (mph)

                                      Heat  Cool        Avg
    Mean                              Deg   Deg         Wind                 Dom
Day Temp  High   Time   Low    Time   Days  Days  Rain  Speed High   Time    Dir
----------------------------------------------------------------------------------
 1  13.5  17.8   14:41  10.3   06:44   4.8   0.0   0.0   3.9  20.0   13:04   ENE
 2  13.2  18.6   14:36   9.3   07:12   5.1   0.0   0.0   1.8  11.0   10:37     E
 3  11.4  15.3   12:19   8.2   06:47   6.9   0.0   0.0   0.9   9.0   14:55     W
 4  12.6  16.8   13:39   7.6   03:01   5.7   0.0   0.3   2.0  17.0   23:05    SE
 5  15.3  16.1   14:41  13.6   03:33   3.0   0.0  22.1   6.3  21.0   05:17    SW
 6  15.7  17.5   12:27  14.2   22:14   2.6   0.0   8.9   5.3  20.0   15:13   WSW
 7  13.4  14.6   16:25  10.9   23:58   4.9   0.0   0.0   2.7  16.0   04:59    NW
 8  10.9  15.6   14:15   6.1   07:39   7.4   0.0   0.0   1.0  11.0   14:44   WNW
 9  11.9  16.7   15:11   7.7   03:08   6.4   0.0   0.0   0.9   8.0   14:58    SE
10  12.6  16.4   14:36   9.7   05:47   5.7   0.0   0.2   2.7  15.0   15:55   ENE
11  12.3  16.2   14:45   9.4   23:48   6.0   0.0   0.0   2.8  16.0   10:31   ENE
12  10.1  13.4   16:31   7.3   06:04   8.2   0.0   0.0   1.2  13.0   12:05    NE
13   9.6  13.5   15:05   6.4   06:51   8.7   0.0   0.0   2.3  19.0   12:34    NE
14   9.5  14.6   14:37   5.4   06:37   8.8   0.0   0.0   2.6  19.0   12:47    NE
15   9.6  12.3   15:17   8.2   07:54   8.7   0.0   0.8   1.4  11.0   11:08    NE
16  11.5  13.2   15:02   9.8   00:00   6.8   0.0   0.0   4.0  20.0   12:03    NE
17  11.4  13.8   12:04  10.0   08:02   6.9   0.0   0.0   3.7  17.0   02:59    NE
18  12.3  14.9   15:57  10.7   07:41   6.0   0.0   0.0   2.1  14.0   09:11   ENE
19  12.7  15.5   12:50  10.8   07:07   5.6   0.0   0.0   2.7  16.0   12:18    NE
20  11.1  16.1   15:47   7.8   23:55   7.2   0.0   0.0   1.1  12.0   00:00   NNE
21  11.4  13.6   18:56   7.8   00:00   6.9   0.0  13.5   1.8  17.0   12:14     W
22  12.9  14.8   11:07  11.3   23:34   5.4   0.0   0.2   1.8  15.0   11:18   WNW
23  12.2  13.9   13:05  10.3   07:23   6.1   0.0   0.0   1.6  15.0   20:58    SW
24  12.8  14.4   12:18   7.8   23:55   5.5   0.0   0.8   4.1  21.0   19:58   WSW
25   9.4  12.7   12:12   4.0   06:52   8.9   0.0   0.2   1.8  14.0   22:56   SSE
26  12.8  13.7   20:53  11.9   02:41   5.5   0.0   0.0   5.1  16.0   06:01    SE
27  14.2  16.1   11:46  12.3   23:12   4.1   0.0   1.5   3.1  12.0   13:04   ESE
28  12.9  15.8   13:05  11.1   07:12   5.4   0.0   0.6   2.6  18.0   22:03    SW
29  14.0  15.0   18:22  12.9   22:00   4.3   0.0   1.5   8.4  24.0   19:01   SSW
30  14.4  15.7   13:13  13.7   22:53   3.9   0.0   7.6   5.3  19.0   06:44     S
31  12.5  14.1   15:38   9.9   21:34   5.8   0.0   0.3   2.5  12.0   01:29   ESE
----------------------------------------------------------------------------------
    12.3  18.6     2     4.0    25   187.2   0.0  58.5   2.9  24.0    29      SE

Max >=  27.0:  0
Max <=   0.0:  0
Min <=   0.0:  0
Min <= -18.0:  0
Max Rain: 22.1 on day 5
Days of Rain: 14 (>= 0.2 mm)  4 (>= 2.0 mm)  1 (>= 20.0 mm)
Heat Base: 18.3  Cool Base: 18.3  Method: Integration