Select a Year or Month report

Report for 2015 Sep
                   Monthly Climatological Summary for Sep 2015

Name: Worthing weather   City: worthing   State: 
Elevation: 31 ft  Lat: N 50 49 12   Lon: W 000 22 47

                  Temperature (°C), Rain (mm), Wind Speed (m/s)

                                      Heat  Cool        Avg
    Mean                              Deg   Deg         Wind                 Dom
Day Temp  High   Time   Low    Time   Days  Days  Rain  Speed High   Time    Dir
----------------------------------------------------------------------------------
 1  15.8  20.1   16:21  12.1   23:55   2.5   0.0   1.0   1.0  15.0   14:12   NNW
 2  14.0  17.9   16:11  10.4   03:43   4.3   0.0   0.3   0.8  11.0   15:53   WNW
 3  13.6  17.3   14:04  10.3   02:52   4.7   0.0   0.0   0.6  14.0   12:12    NW
 4  13.4  18.2   13:21  10.4   06:36   4.9   0.0   0.0   0.4   9.0   14:02   NNW
 5  13.1  16.7   12:08   8.8   04:33   5.2   0.0   0.0   0.8  14.0   14:55    NE
 6  12.9  18.9   12:42   6.6   04:26   5.4   0.0   0.0   1.6  15.0   15:24   WNW
 7  14.6  20.9   13:49   9.7   06:38   3.7   0.0   0.0   1.8  12.0   16:49   ENE
 8  13.8  18.8   14:05   9.9   06:39   4.5   0.0   0.0   2.0  13.0   09:59   ENE
 9  15.5  19.9   15:52  11.8   01:58   2.8   0.0   0.0   2.9  16.0   11:13     E
10  16.6  21.1   14:07  12.4   05:27   1.7   0.0   0.0   2.8  14.0   11:53     E
11  16.4  19.1   13:42  12.2   06:03   1.9   0.0   0.0   2.9  13.0   13:44   ESE
12  16.6  18.2   14:17  12.8   23:58   1.7   0.0   0.0   6.6  23.0   08:03     W
13  13.9  16.5   12:23  11.3   02:56   4.4   0.0   0.5   1.9  13.0   23:44   ESE
14  15.0  16.2   11:02  11.5   20:54   3.3   0.0  15.0  10.1  34.0   19:07     W
15  14.0  16.9   13:44  11.0   02:17   4.3   0.0   1.7   8.8  35.0   07:05   WNW
16  13.7  17.3   16:41  12.0   02:43   4.6   0.0  19.8   2.6  18.0   16:54   ENE
17  14.0  17.5   14:47   9.9   07:43   4.3   0.0   0.8   3.9  20.0   16:45   WNW
18  15.1  19.8   15:03  12.9   23:55   3.2   0.0   3.8   2.6  20.0   01:07   WNW
19  13.7  18.6   12:58  10.3   06:16   4.6   0.0   0.3   1.8  12.0   09:32   NNW
20  13.5  17.4   15:47   8.7   06:10   4.8   0.0   0.0   1.8  13.0   14:09     W
21  14.1  15.8   04:09  10.2   23:34   4.2   0.0   3.5   4.0  23.0   13:55     W
22  12.0  15.3   12:35   9.9   02:20   6.3   0.0  15.8   1.1  20.0   04:34    NW
23  12.6  17.6   13:01   6.2   06:51   5.7   0.0   0.2   3.7  19.0   17:19   WNW
24  15.2  17.6   13:38  10.1   23:51   3.1   0.0   0.5   5.8  22.0   14:16   WNW
25  12.9  19.1   14:11   8.7   05:32   5.4   0.0   0.0   0.4   9.0   13:13     N
26  12.7  18.6   15:07   8.4   04:19   5.6   0.0   0.0   1.2  12.0   10:34   ENE
27  13.9  19.1   15:03  10.2   02:27   4.4   0.0   0.0   3.0  17.0   14:44   ENE
28  14.2  18.4   15:13  10.3   06:42   4.1   0.0   0.0   3.5  16.0   15:47     E
29  14.1  18.8   12:56   9.8   05:46   4.2   0.0   0.0   3.8  21.0   12:17   ENE
30  13.9  18.6   14:34  10.9   06:27   4.4   0.0   0.0   4.3  22.0   11:22   ENE
----------------------------------------------------------------------------------
    14.2  21.1    10     6.2    23   124.2   0.0  63.2   3.0  35.0    15      NW

Max >=  27.0:  0
Max <=   0.0:  0
Min <=   0.0:  0
Min <= -18.0:  0
Max Rain: 19.8 on day 16
Days of Rain: 13 (>= 0.2 mm)  5 (>= 2.0 mm)  0 (>= 20.0 mm)
Heat Base: 18.3  Cool Base: 18.3  Method: Integration
Time / Date