Select a Year or Month report

Report for 2015 Aug
                   Monthly Climatological Summary for Aug 2015

Name: Worthing weather   City: worthing   State: 
Elevation: 31 ft  Lat: N 50 49 12   Lon: W 000 22 47

                  Temperature (°C), Rain (mm), Wind Speed (m/s)

                                      Heat  Cool        Avg
    Mean                              Deg   Deg         Wind                 Dom
Day Temp  High   Time   Low    Time   Days  Days  Rain  Speed High   Time    Dir
----------------------------------------------------------------------------------
 1  14.9  18.8   17:06   9.7   05:23   3.4   0.0   0.0   3.2  17.0   15:16   WNW
 2  17.2  21.8   18:10  11.3   05:55   1.1   0.0   0.0   2.3  13.0   16:15    SE
 3  17.6  19.5   10:31  14.6   23:07   0.7   0.0   2.3   3.9  16.0   09:55     W
 4  16.5  18.4   14:30  14.0   05:46   1.8   0.0   0.0   7.0  28.0   11:49   WNW
 5  17.1  19.1   10:23  15.8   05:40   1.2   0.0   0.5   2.5  14.0   01:39   WSW
 6  17.0  18.2   15:13  13.5   23:59   1.3   0.0   0.0   5.8  23.0   11:26   WNW
 7  16.1  19.6   15:42  10.6   05:21   2.2   0.0   0.0   2.1  14.0   15:23     W
 8  17.5  20.4   18:33  13.8   05:55   0.8   0.0   0.0   1.7  10.0   16:28   SSW
 9  17.1  19.7   12:33  12.7   05:48   1.2   0.0   0.0   3.6  19.0   17:13   WNW
10  17.6  19.6   11:03  16.6   03:25   0.7   0.0   0.0   4.7  19.0   17:19   WNW
11  16.7  20.4   14:33  13.4   05:52   1.6   0.0   5.8   0.4   7.0   05:35   ENE
12  18.1  22.7   16:05  15.2   06:03   0.2   0.0   3.1   3.7  21.0   23:08   ENE
13  18.8  23.1   16:04  16.7   00:18   0.0   0.5  29.4   2.9  18.0   13:19   ENE
14  17.8  19.4   11:01  15.7   23:30   0.5   0.0   5.6   2.4  13.0   12:18     W
15  16.3  19.8   11:37  13.1   23:43   2.0   0.0   0.0   0.7  13.0   14:34    NW
16  16.1  19.3   11:03  12.0   06:16   2.2   0.0   0.0   1.0   7.0   12:28   SSW
17  17.4  22.4   13:38  13.2   04:54   0.9   0.0   0.0   1.0  15.0   15:25   NNW
18  16.4  18.4   14:25  14.4   06:14   1.9   0.0   0.0   2.3  16.0   17:21   WNW
19  15.9  18.4   11:30  12.9   05:38   2.4   0.0  14.8   2.8  16.0   22:39     W
20  17.3  18.7   11:51  15.6   00:00   1.0   0.0   4.0   4.2  19.0   00:58     W
21  18.7  21.1   17:04  16.4   23:36   0.0   0.4   0.0   2.0   9.0   15:59   WSW
22  20.3  25.2   19:18  15.0   06:14   0.0   2.0   0.0   2.8  17.0   22:47   ESE
23  18.0  20.9   00:00  15.4   11:52   0.3   0.0   6.6   4.7  19.0   11:08   WNW
24  15.3  18.6   14:53  13.6   21:49   3.0   0.0  30.0   2.4  16.0   08:21   ENE
25  15.2  17.8   17:49  11.1   05:59   3.1   0.0   4.3   6.7  29.0   16:26     W
26  17.4  18.9   12:36  15.8   16:13   0.9   0.0   3.1   9.9  29.0   06:02     W
27  16.1  17.4   16:35  14.3   23:05   2.2   0.0   2.0   6.9  23.0   00:23   WNW
28  15.5  18.8   16:00  10.2   06:06   2.8   0.0   0.0   3.4  19.0   14:37   WNW
29  17.3  19.6   11:36  15.8   21:09   1.0   0.0   1.5   1.5  11.0   23:43   SSE
30  18.5  22.5   15:16  16.1   00:47   0.0   0.2   2.6   2.2  13.0   05:33   ENE
31  15.6  16.8   15:01  14.3   23:53   2.7   0.0  11.4   1.5  12.0   00:00    NE
----------------------------------------------------------------------------------
    17.0  25.2    22     9.7     1    43.1   3.1 127.0   3.3  29.0    25       W

Max >=  27.0:  0
Max <=   0.0:  0
Min <=   0.0:  0
Min <= -18.0:  0
Max Rain: 30.0 on day 24
Days of Rain: 16 (>= 0.2 mm)  14 (>= 2.0 mm)  2 (>= 20.0 mm)
Heat Base: 18.3  Cool Base: 18.3  Method: Integration
Time / Date