Select a Year or Month report

Report for 2015 Jul
                   Monthly Climatological Summary for Jul 2015

Name: Worthing weather   City: worthing   State: 
Elevation: 31 ft  Lat: N 50 49 12   Lon: W 000 22 47

                  Temperature (°C), Rain (mm), Wind Speed (m/s)

                                      Heat  Cool        Avg
    Mean                              Deg   Deg         Wind                 Dom
Day Temp  High   Time   Low    Time   Days  Days  Rain  Speed High   Time    Dir
----------------------------------------------------------------------------------
 1  22.3  26.8   17:12  16.4   23:51   0.0   4.0   0.0   4.3  17.0   01:34     E
 2  17.4  19.9   12:39  15.4   23:57   0.9   0.0   0.7   2.2  14.0   00:29   WNW
 3  19.2  25.4   17:53  13.4   05:18   0.0   0.9   0.0   2.8  18.0   18:01     E
 4  18.9  20.3   00:00  16.1   23:04   0.0   0.6   0.0   4.6  23.0   13:14   WNW
 5  16.1  18.6   15:45  14.1   02:59   2.2   0.0   7.4   3.3  20.0   16:01   WNW
 6  16.4  18.4   15:16  13.6   04:36   1.9   0.0   0.0   3.0  16.0   11:12     W
 7  17.1  18.9   13:57  15.4   23:21   1.2   0.0   0.2   7.5  29.0   19:50   WNW
 8  16.8  21.4   17:54  13.2   23:53   1.5   0.0   3.6   5.7  28.0   04:57    NW
 9  15.4  19.6   11:48  10.1   05:23   2.9   0.0   0.0   2.8  17.0   17:48   WNW
10  17.1  20.7   17:39  11.9   05:04   1.2   0.0   0.0   1.7  11.0   11:24   SSE
11  18.2  22.7   09:59  14.5   05:31   0.1   0.0   0.0   4.9  26.0   15:18   WNW
12  16.5  17.2   12:39  15.8   02:13   1.8   0.0   0.0   7.7  26.0   16:53   WNW
13  16.6  17.2   12:33  16.1   06:35   1.7   0.0   0.5   7.3  26.0   17:14   WNW
14  17.2  18.9   15:07  15.8   06:17   1.1   0.0   0.0   5.9  19.0   16:35   WNW
15  18.0  20.3   17:50  16.5   05:48   0.3   0.0   0.3   4.0  15.0   01:16   WNW
16  19.4  24.3   18:02  15.8   06:55   0.0   1.1   0.0   2.9  15.0   21:31   ESE
17  17.9  19.6   15:14  15.7   23:52   0.4   0.0   0.0   6.5  24.0   06:05   WNW
18  15.7  18.4   12:50  11.8   05:41   2.6   0.0   0.0   2.8  17.0   11:31     W
19  17.0  19.4   17:05  14.6   00:18   1.3   0.0   1.0   4.5  23.0   14:55   WNW
20  17.3  18.5   18:45  15.9   05:35   1.0   0.0   3.0   5.4  21.0   22:25   WNW
21  17.2  19.2   16:20  14.3   05:12   1.1   0.0   0.0   5.5  21.0   18:16   WNW
22  17.4  19.7   13:20  14.3   23:56   0.9   0.0   0.0   4.6  24.0   13:58   WNW
23  15.6  18.6   14:12  10.4   05:26   2.7   0.0   0.0   3.2  20.0   14:50   WNW
24  14.8  16.2   05:35  13.1   23:53   3.5   0.0  26.4   1.9  14.0   13:02   ENE
25  15.4  19.9   13:44  10.7   05:21   2.9   0.0   3.1   3.5  22.0   16:11    NW
26  14.5  17.1   18:11  11.2   03:11   3.8   0.0   9.1   7.3  28.0   15:21     W
27  16.6  18.8   13:58  15.4   06:25   1.7   0.0   0.3  10.5  29.0   16:48   WNW
28  15.6  17.6   14:47  11.9   23:53   2.7   0.0   0.0   7.1  25.0   02:39   WNW
29  14.1  18.0   17:12   9.0   05:18   4.2   0.0   0.0   2.5  19.0   11:37   WNW
30  15.2  20.8   17:15   9.7   05:31   3.1   0.0   0.0   1.0  12.0   12:00     N
31  14.9  18.3   18:10   9.9   05:16   3.4   0.0   0.0   1.6  10.0   11:51   WSW
----------------------------------------------------------------------------------
    16.8  26.8     1     9.0    29    52.1   6.6  55.6   4.5  29.0     7     WNW

Max >=  27.0:  0
Max <=   0.0:  0
Min <=   0.0:  0
Min <= -18.0:  0
Max Rain: 26.4 on day 24
Days of Rain: 12 (>= 0.2 mm)  6 (>= 2.0 mm)  1 (>= 20.0 mm)
Heat Base: 18.3  Cool Base: 18.3  Method: Integration
Time / Date