Select a Year or Month report

Report for 2015 Jun
                   Monthly Climatological Summary for Jun 2015

Name: Worthing Weather   City: Worthing   County: UK
Elevation: 31 ft  Lat: N 50 49 12   Lon: W 000 22 47

                  Temperature (°C), Rain (mm), Wind Speed (mph)

                                      Heat  Cool        Avg
    Mean                              Deg   Deg         Wind                 Dom
Day Temp  High   Time   Low    Time   Days  Days  Rain  Speed High   Time    Dir
----------------------------------------------------------------------------------
 1  11.1  13.2   11:20   7.4   02:19   7.2   0.0   0.4   5.8  30.0   22:40     W
 2  13.0  14.6   17:26  11.4   00:48   5.3   0.0   0.8  13.9  40.0   07:49   WNW
 3  13.6  15.8   15:22  10.2   23:57   4.7   0.0   0.0   6.6  21.0   05:46   WNW
 4  13.8  19.2   18:56   7.8   05:08   4.5   0.0   0.0   1.8  10.0   14:58    SE
 5  17.0  17.2   00:20  16.9   00:00   1.3   0.0   0.0   2.0   6.0   00:10     E
 6  12.7  15.4   15:05   8.3   04:28   5.6   0.0   0.0   5.1  24.0   13:19   WNW
 7  13.1  18.4   11:03   8.1   05:10   5.2   0.0   0.0   2.4  12.0   12:29   WNW
 8  13.9  19.1   16:26   9.0   05:17   4.4   0.0   0.0   3.0  17.0   14:16   ENE
 9  11.5  15.8   14:43   7.1   05:00   6.8   0.0   0.0   4.9  23.0   16:24   ENE
10  13.1  17.6   14:45   7.7   04:41   5.2   0.0   0.0   5.1  25.0   18:37   ENE
11  18.6  24.7   16:00  11.9   00:10   0.0   0.3   0.0   5.3  20.0   03:25     E
12  17.1  22.9   13:14  14.1   23:51   1.2   0.0   5.0   3.1  22.0   23:35     N
13  14.7  16.3   12:00  13.5   07:46   3.6   0.0   0.0   8.2  24.0   12:23   WNW
14  15.7  19.6   16:39  13.0   05:08   2.6   0.0   0.0   1.8  13.0   23:44     N
15  13.7  18.1   14:40  11.6   23:55   4.6   0.0   0.0   2.7  15.0   07:20     E
16  13.4  15.9   14:00   8.7   04:42   4.9   0.0   0.0   2.3  12.0   15:35     W
17  15.0  17.9   17:16  11.1   04:37   3.3   0.0   0.0   4.8  21.0   16:04   WNW
18  17.7  22.0   14:42  15.1   07:33   0.6   0.0   0.0   2.4  17.0   16:11    NW
19  16.2  20.4   12:14  12.2   05:32   2.1   0.0   0.0   2.9  19.0   14:16    NW
20  15.4  17.0   16:49  12.9   04:32   2.9   0.0   0.0   3.3  18.0   17:28   WNW
21  16.0  20.7   13:53  13.8   05:24   2.3   0.0   0.0   4.3  24.0   15:55   WNW
22  13.9  18.4   17:44  11.9   08:45   4.4   0.0  10.2   1.5  15.0   15:25    NW
23  14.8  19.8   14:33  10.1   04:56   3.5   0.0   0.0   2.1  14.0   17:11    NW
24  15.2  17.8   16:44  11.1   03:55   3.1   0.0   0.0   3.0  15.0   13:36     W
25  15.8  18.4   11:45  11.1   04:54   2.5   0.0   0.0   2.0  10.0   13:23     W
26  16.4  18.8   14:54  13.3   03:45   1.9   0.0   0.0   4.0  20.0   12:54   WNW
27  16.3  20.0   10:26  11.7   04:13   2.0   0.0   0.0   4.1  21.0   14:26   WNW
28  16.3  18.4   11:08  14.8   00:22   2.0   0.0   0.0   3.5  16.0   16:40     W
29  16.6  18.8   16:23  13.7   05:10   1.7   0.0  22.5   2.4  14.0   14:06     W
30  19.8  26.0   16:48  12.2   05:02   0.0   1.5  22.5   2.4  13.0   23:01   ESE
----------------------------------------------------------------------------------
    15.0  26.0    30     7.1     9    99.4   1.8  61.4   3.9  40.0     2      NW

Max >=  27.0:  0
Max <=   0.0:  0
Min <=   0.0:  0
Min <= -18.0:  0
Max Rain: 22.5 on day 29
Days of Rain: 6 (>= 0.2 mm)  4 (>= 2.0 mm)  2 (>= 20.0 mm)
Heat Base: 18.3  Cool Base: 18.3  Method: Integration