°C

Conditions at local time : on    Forecast:

NOAA-Style Climate Reports



Report for 2015 May
                   Monthly Climatological Summary for May 2015

Name: Worthing Weather   City: Worthing West Sussex   State: UK
Elevation: 21 ft  Lat: N 50° 48' 36"   Lon: W 000° 22' 30"

                  Temperature (°C), Rain (mm), Wind Speed (mph)

                                      Heat  Cool        Avg
    Mean                              Deg   Deg         Wind                 Dom
Day Temp  High   Time   Low    Time   Days  Days  Rain  Speed High   Time    Dir
----------------------------------------------------------------------------------
01   9.2  12.8   14:35   6.4   05:33   9.1   0.0   0.0   4.5  16.0   08:15   ENE
02   9.9  12.3   16:53   7.6   02:19   8.5   0.0   1.6   3.7  14.0   07:56     E
03  11.7  13.2   16:39  10.6   00:00   6.6   0.0   3.8   7.3  33.0   23:26   WSW
04  12.2  14.5   18:20  10.8   06:01   6.1   0.0  15.4   5.0  31.0   00:00     W
05  12.6  13.9   16:48  11.2   23:35   5.7   0.0   2.4  10.4  38.0   11:29     W
06  11.2  12.7   15:38   8.7   07:23   7.1   0.0   3.8  13.0  38.0   12:17     W
07  11.1  12.8   10:40  10.1   01:50   7.2   0.0   0.0   5.6  22.0   00:10     W
08  11.7  14.8   11:30   9.2   06:00   6.6   0.0   0.2   5.4  23.0   23:26     W
09  12.1  13.9   15:00  10.3   11:50   6.2   0.0   2.2   8.7  25.0   02:20     W
10  12.2  15.1   17:27  10.0   06:40   6.1   0.0   0.0   2.2  13.0   00:40     S
11  12.4  14.1   13:21  11.0   22:00   5.8   0.0   0.0   4.1  18.0   13:16     W
12  12.3  14.8   10:56   9.7   05:49   6.1   0.0   0.0   4.9  24.0   14:23     W
13  11.5  14.6   19:02   6.5   03:20   6.8   0.0   0.0   1.4  11.0   14:27   SSW
14   9.9  11.1   00:00   9.1   20:40   8.2   0.0  15.8   3.7  17.0   10:23   ENE
15  10.5  13.2   12:10   8.1   06:03   7.6   0.0   0.2   3.6  16.0   19:34    NW
16  15.2  20.3   16:29  11.2   00:00   3.5   0.3   0.0   3.5  21.0   16:44   WNW
17  11.6  16.0   17:00   7.1   04:34   6.8   0.0   0.0   3.5  20.0   14:15     W
18  12.2  17.5   16:00   9.7   23:47   6.1   0.0   2.2   9.4  28.0   22:08   WNW
19  10.6  13.2   17:04   7.5   23:57   7.7   0.0   0.4   7.4  28.0   12:49   WNW
20  11.1  16.2   15:58   4.1   04:42   7.2   0.0   0.0   1.2  16.0   13:32   NNW
21  11.3  14.4   13:57   6.0   05:32   7.0   0.0   0.0   4.2  21.0   14:13   WNW
22  12.7  16.0   07:30   7.0   04:30   5.6   0.0   0.0   1.4  14.0   03:30   WNW
23  14.4  20.1   11:37  11.9   23:38   4.0   0.1   0.0   1.5   9.0   10:23   ESE
24  13.2  17.0   19:00  11.0   05:37   5.1   0.0   0.0   2.7  14.0   15:05     W
25  14.3  18.2   13:19  10.5   06:02   4.0   0.0   0.0   1.5  14.0   16:03     N
26  14.7  21.1   16:36   9.1   05:27   3.9   0.3   0.0   1.1  12.0   11:00     N
27  12.5  15.8   09:16   8.2   04:00   5.8   0.0   0.0   4.5  20.0   22:46   WNW
28  13.7  17.4   13:01  10.6   23:59   4.6   0.0   0.0   6.0  26.0   17:05   WNW
29  11.5  15.3   18:05   7.9   23:56   6.8   0.0  11.2   4.6  35.0   12:25   WNW
30  10.8  14.1   13:15   5.6   04:48   7.5   0.0   0.0   3.9  23.0   15:18   WNW
31  12.5  15.1   17:08   8.2   23:54   5.8   0.0   4.0   6.1  29.0   10:16     W
----------------------------------------------------------------------------------
    12.0  21.1    26     4.1    20   195.1   0.7  63.2   4.6  38.0     5       W

Max >=  27.0  0
Max <=   0.0  0
Min <=   0.0  0
Min <= -18.0  0
Max Rain: 15.8 on day 14
Days of Rain: 13 (>= 0.2 mm)  9 (>= 2.0 mm)  0 (>= 20.0 mm)
Heat Base: 18.3  Cool Base: 18.3  Method: Integration