Select a Year or Month report

Report for 2015
                   Annual Climatological Summary for 2015

Name: Worthing Weather   City: Worthing   County: UK
Elevation: 31 ft  Lat: N 50 49 12   Lon: W 000 22 47

                  Temperature (°C), Heat Base: 18.3  Cool Base: 18.3
                          Dep.  Heat  Cool                       Max  Max  Min  Min
        Mean  Mean        From  Deg   Deg                        >=   <=   <=   <=
 YR MO  Max   Min   Mean  Norm  Days  Days  Hi  Date  Low  Date 27.0  0.0  0.0 -18.0
------------------------------------------------------------------------------------
 15  1
 15  2
 15  3
 15  4
 15  5  14.8   9.1  12.0   0.0   196     0  21.1  26   4.1   20    0    0    0    0
 15  6  18.6  11.4  15.0   0.0    99     1  26.0  30   7.1    9    0    0    0    0
 15  7  19.7  13.6  16.8   0.0    52     6  26.8   1   9.0   29    0    0    0    0
 15  8  19.8  14.0  17.0   0.0    43     3  25.2  22   9.7    1    0    0    0    0
 15  9  18.2  10.3  14.2   0.0   124     0  21.1  10   6.2   23    0    0    0    0
 15 10  15.1   9.6  12.3   0.0   187     0  18.6   2   4.0   25    0    0    0    0
 15 11  13.1   8.9  11.1   0.0   215     0  16.2   7  -1.4   22    0    0    1    0
 15 12  12.9   9.9  11.7   0.0   205     0  15.4  19   4.6    9    0    0    0    0
------------------------------------------------------------------------------------
        16.5  10.8  13.8   0.0  1123    11  26.8 Jul  -1.4  Nov    0    0    1    0

                                Precipitation (mm)

              Dep.   Max        Days of Rain
              From   Obs.           >=
 YR MO Total  Norm   Day Date  0.2  2.0 20.0
---------------------------------------------
 15  1
 15  2
 15  3
 15  4
 15  5  63.2   0.0  15.8  14    13    9    0
 15  6  61.4   0.0  22.5  29     6    4    2
 15  7  55.6   0.0  26.4  24    12    6    1
 15  8 127.0   0.0  30.0  24    16   14    2
 15  9  63.2   0.0  19.8  16    13    5    0
 15 10  58.5   0.0  22.1   5    14    4    1
 15 11 103.1   0.0  17.3  16    23   13    0
 15 12  86.1   0.0  15.4  10    21   13    0
---------------------------------------------
       618.1   0.0  30.0  Aug  118   68    6

                                Wind Speed (mph)
                          Dom
 YR MO   Avg.  Hi   Date  Dir
------------------------------
 15  1
 15  2
 15  3
 15  4
 15  5   4.6  38.0    5   WNW
 15  6   3.9  40.0    2   WNW
 15  7   4.5  29.0    7   WNW
 15  8   3.3  29.0   25   WNW
 15  9   3.0  35.0   15    NW
 15 10   2.9  24.0   29    SE
 15 11   5.0  39.0   16     W
 15 12   7.0  38.0   24   WSW
------------------------------
         4.3  40.0  Jun     W