°C

Conditions at local time : on    Forecast:

NOAA-Style Climate Reports



Report for 2021 Jul
                   Monthly Climatological Summary for Jul 2021

Name: Worthing Weather   City: Worthing West Sussex   State: UK
Elevation: 21 ft  Lat: N 50° 48' 36"   Lon: W 000° 22' 30"

                  Temperature (°C), Rain (mm), Wind Speed (mph)

                                      Heat  Cool        Avg
    Mean                              Deg   Deg         Wind                 Dom
Day Temp  High   Time   Low    Time   Days  Days  Rain  Speed High   Time    Dir
----------------------------------------------------------------------------------
01  17.1  19.9   13:46  14.3   05:12   1.4   0.2   0.0   2.9  13.0   17:37   SSW
02  16.2  18.9   14:04  14.4   05:31   2.1   0.0   0.2   2.6  12.0   14:30   ESE
03  17.1  19.1   11:28  15.7   01:39   1.2   0.0   0.0   5.8  20.0   17:57    SW
04  16.7  19.7   13:45  15.9   08:17   1.6   0.1   1.2   9.9  27.0   17:53    SW
05  16.2  18.1   11:11  14.3   21:11   2.1   0.0  14.2   8.4  34.0   22:50   SSW
06  16.2  18.1   14:50  14.6   05:54   2.1   0.0   1.0  15.1  43.0   05:03    SW
07  16.2  18.4   15:16  14.7   02:16   2.1   0.0   0.0  11.6  28.0   07:45    SW
08  16.6  19.3   14:44  15.2   02:08   1.7   0.0   0.0   7.3  18.0   01:14    SW
09  17.9  21.3   14:42  15.1   23:57   1.0   0.6   0.0   5.9  27.0   16:00   WSW
10  15.6  17.6   18:25  14.1   23:54   2.7   0.0   2.4   2.0  11.0   17:33   WSW
11  15.8  19.0   14:02  12.3   05:28   2.5   0.0   4.2   2.9  12.0   08:34   SSE
12  17.0  20.7   14:12  14.7   05:16   1.6   0.3   1.8   2.9  14.0   09:22     N
13  19.3  24.1   16:23  16.1   04:13   0.8   1.7   0.0   5.5  18.0   08:21     N
14  20.5  25.3   18:00  15.7   05:31   0.4   2.7   0.0   6.7  20.0   13:31   NNW
15  19.9  24.0   14:52  15.6   06:07   0.5   2.2   0.0   7.6  20.0   04:00     N
16  17.6  24.2   12:24  12.9   05:21   1.4   0.7   0.0   3.9  15.0   11:07   WNW
17  19.9  26.4   12:08  16.1   04:08   0.5   2.1   0.0   3.5  17.0   06:43    NE
18  21.7  26.4   16:07  16.6   05:33   0.2   3.6   0.0   3.0  12.0   13:48    SW
19  21.5  24.7   15:32  18.0   05:26   0.0   3.2   0.0   2.7  15.0   17:22   SSW
20  21.4  24.7   13:46  18.4   05:29   0.0   3.1   0.0   2.8  11.0   15:32     S
21  21.4  24.4   14:13  17.9   05:14   0.0   3.1   0.0   1.9  10.0   14:56   SSE
22  21.8  24.8   12:48  19.4   05:53   0.0   3.5   0.0   2.8  11.0   12:18   ESE
23  20.5  26.7   15:05  15.7   05:15   0.4   2.6   0.2   4.7  23.0   23:56   ENE
24  19.1  22.1   17:23  17.1   00:12   0.3   1.1   1.8   4.3  16.0   00:42   ESE
----------------------------------------------------------------------------------
    18.5  26.7    23    12.3    11    26.6  30.8  27.0   5.3  43.0     6      SW

Max >=  27.0  0
Max <=   0.0  0
Min <=   0.0  0
Min <= -18.0  0
Max Rain: 14.2 on day 5
Days of Rain: 9 (>= 0.2 mm)  3 (>= 2.0 mm)  0 (>= 20.0 mm)
Heat Base: 18.3  Cool Base: 18.3  Method: Integration